{"id":1900,"date":"2025-03-18T13:51:53","date_gmt":"2025-03-18T13:51:53","guid":{"rendered":"https:\/\/rocdentalturkey.com\/index.php\/parodontologie-parodontalerkrankungen\/"},"modified":"2025-07-04T15:03:24","modified_gmt":"2025-07-04T15:03:24","slug":"parodontologie-parodontalerkrankungen","status":"publish","type":"page","link":"https:\/\/rocdentalturkey.com\/index.php\/parodontologie-parodontalerkrankungen\/?lang=de","title":{"rendered":"Parodontologie &#038; Parodontalerkrankungen"},"content":{"rendered":"<style>.elementor-1900 .elementor-element.elementor-element-79cdbf8 > .elementor-container{max-width:1170px;}.elementor-1900 .elementor-element.elementor-element-79cdbf8:not(.elementor-motion-effects-element-type-background), .elementor-1900 .elementor-element.elementor-element-79cdbf8 > .elementor-motion-effects-container > .elementor-motion-effects-layer{background-color:#000000;background-image:url(\"https:\/\/rocdentalturkey.com\/wp-content\/uploads\/2025\/03\/advice-of-dentist.jpg\");background-position:0px 65%;background-size:cover;}.elementor-1900 .elementor-element.elementor-element-79cdbf8 > .elementor-background-overlay{background-color:#000000;opacity:0.8;transition:background 0.3s, border-radius 0.3s, opacity 0.3s;}.elementor-1900 .elementor-element.elementor-element-79cdbf8{transition:background 0.3s, border 0.3s, border-radius 0.3s, box-shadow 0.3s;margin-top:0px;margin-bottom:0px;padding:140px 0px 140px 0px;}.elementor-1900 .elementor-element.elementor-element-03db280.elementor-column > .elementor-widget-wrap{justify-content:center;}.elementor-1900 .elementor-element.elementor-element-1cbd7cc{text-align:center;}.elementor-1900 .elementor-element.elementor-element-1cbd7cc .elementor-heading-title{font-family:\"Montserrat\", Sans-serif;font-size:32px;font-weight:700;text-transform:uppercase;line-height:1.2em;color:var( --e-global-color-c3e5fb3 );}.elementor-1900 .elementor-element.elementor-element-7adc2ab{--display:flex;--flex-direction:column;--container-widget-width:100%;--container-widget-height:initial;--container-widget-flex-grow:0;--container-widget-align-self:initial;--flex-wrap-mobile:wrap;--margin-top:60px;--margin-bottom:0px;--margin-left:0px;--margin-right:0px;}.elementor-1900 .elementor-element.elementor-element-85d231f{--display:flex;--flex-direction:row;--container-widget-width:initial;--container-widget-height:100%;--container-widget-flex-grow:1;--container-widget-align-self:stretch;--flex-wrap-mobile:wrap;--gap:0px 0px;--row-gap:0px;--column-gap:0px;--margin-top:20px;--margin-bottom:0px;--margin-left:0px;--margin-right:0px;}.elementor-1900 .elementor-element.elementor-element-48efdf4{--display:flex;--flex-direction:column;--container-widget-width:100%;--container-widget-height:initial;--container-widget-flex-grow:0;--container-widget-align-self:initial;--flex-wrap-mobile:wrap;}.elementor-1900 .elementor-element.elementor-element-3b80c80 .elementor-heading-title{font-family:\"Montserrat\", Sans-serif;font-size:14px;font-weight:600;text-transform:uppercase;line-height:1em;letter-spacing:1.5px;color:#20BBE4;}.elementor-1900 .elementor-element.elementor-element-61d45bb{text-align:start;}.elementor-1900 .elementor-element.elementor-element-61d45bb .elementor-heading-title{font-family:\"Montserrat\", Sans-serif;font-size:32px;font-weight:700;line-height:1.2em;color:var( --e-global-color-primary );}.elementor-1900 .elementor-element.elementor-element-6ce5412{--display:flex;--flex-direction:column;--container-widget-width:calc( ( 1 - var( --container-widget-flex-grow ) ) * 100% );--container-widget-height:initial;--container-widget-flex-grow:0;--container-widget-align-self:initial;--flex-wrap-mobile:wrap;--align-items:flex-end;}.elementor-1900 .elementor-element.elementor-element-90b9581 .elementor-button{font-family:var( --e-global-typography-9feda6e-font-family ), Sans-serif;font-size:var( --e-global-typography-9feda6e-font-size );font-weight:var( --e-global-typography-9feda6e-font-weight );text-transform:var( --e-global-typography-9feda6e-text-transform );line-height:var( --e-global-typography-9feda6e-line-height );letter-spacing:var( --e-global-typography-9feda6e-letter-spacing );word-spacing:var( --e-global-typography-9feda6e-word-spacing );fill:var( --e-global-color-c3e5fb3 );color:var( --e-global-color-c3e5fb3 );background-color:#20BBE4;border-radius:20px 20px 3px 3px;padding:20px 40px 20px 40px;}.elementor-1900 .elementor-element.elementor-element-90b9581 .elementor-button:hover, .elementor-1900 .elementor-element.elementor-element-90b9581 .elementor-button:focus{color:#20BBE4;background-color:var( --e-global-color-c3e5fb3 );}.elementor-1900 .elementor-element.elementor-element-90b9581 .elementor-button:hover svg, .elementor-1900 .elementor-element.elementor-element-90b9581 .elementor-button:focus svg{fill:#20BBE4;}.elementor-1900 .elementor-element.elementor-element-90b9581 > .elementor-widget-container{margin:20px 0px 0px 0px;}.elementor-1900 .elementor-element.elementor-element-0a93c6b{--display:flex;--flex-direction:column;--container-widget-width:100%;--container-widget-height:initial;--container-widget-flex-grow:0;--container-widget-align-self:initial;--flex-wrap-mobile:wrap;--margin-top:0px;--margin-bottom:50px;--margin-left:0px;--margin-right:0px;}.elementor-1900 .elementor-element.elementor-element-896b085{--divider-border-style:solid;--divider-color:#F7F7F7;--divider-border-width:1px;}.elementor-1900 .elementor-element.elementor-element-896b085 .elementor-divider-separator{width:100%;}.elementor-1900 .elementor-element.elementor-element-896b085 .elementor-divider{padding-block-start:2px;padding-block-end:2px;}.elementor-1900 .elementor-element.elementor-element-7f4c46a{font-family:\"Montserrat\", Sans-serif;font-size:16px;font-weight:400;line-height:1.5em;color:var( --e-global-color-text );}@media(min-width:768px){.elementor-1900 .elementor-element.elementor-element-48efdf4{--width:66.6666%;}.elementor-1900 .elementor-element.elementor-element-6ce5412{--width:33.3333%;}}@media(max-width:1024px){.elementor-1900 .elementor-element.elementor-element-79cdbf8:not(.elementor-motion-effects-element-type-background), .elementor-1900 .elementor-element.elementor-element-79cdbf8 > .elementor-motion-effects-container > .elementor-motion-effects-layer{background-position:0px 0px;}.elementor-1900 .elementor-element.elementor-element-79cdbf8{padding:120px 10px 120px 10px;}.elementor-1900 .elementor-element.elementor-element-90b9581 .elementor-button{font-size:var( --e-global-typography-9feda6e-font-size );line-height:var( --e-global-typography-9feda6e-line-height );letter-spacing:var( --e-global-typography-9feda6e-letter-spacing );word-spacing:var( --e-global-typography-9feda6e-word-spacing );}}@media(max-width:767px){.elementor-1900 .elementor-element.elementor-element-79cdbf8:not(.elementor-motion-effects-element-type-background), .elementor-1900 .elementor-element.elementor-element-79cdbf8 > .elementor-motion-effects-container > .elementor-motion-effects-layer{background-position:0px 0px;}.elementor-1900 .elementor-element.elementor-element-79cdbf8{padding:80px 10px 80px 10px;}.elementor-1900 .elementor-element.elementor-element-1cbd7cc .elementor-heading-title{font-size:24px;}.elementor-1900 .elementor-element.elementor-element-3b80c80 .elementor-heading-title{font-size:14px;}.elementor-1900 .elementor-element.elementor-element-61d45bb .elementor-heading-title{font-size:24px;}.elementor-1900 .elementor-element.elementor-element-90b9581 .elementor-button{font-size:var( --e-global-typography-9feda6e-font-size );line-height:var( --e-global-typography-9feda6e-line-height );letter-spacing:var( --e-global-typography-9feda6e-letter-spacing );word-spacing:var( --e-global-typography-9feda6e-word-spacing );}.elementor-1900 .elementor-element.elementor-element-7f4c46a{font-size:14px;}}<\/style>\t\t<div data-elementor-type=\"wp-page\" data-elementor-id=\"1900\" class=\"elementor elementor-1900 elementor-235\" data-elementor-post-type=\"page\">\n\t\t\t\t\t\t<section class=\"elementor-section elementor-top-section elementor-element elementor-element-79cdbf8 elementor-section-boxed elementor-section-height-default elementor-section-height-default\" data-id=\"79cdbf8\" data-element_type=\"section\" data-e-type=\"section\" data-settings=\"{&quot;background_background&quot;:&quot;classic&quot;}\">\n\t\t\t\t\t\t\t<div class=\"elementor-background-overlay\"><\/div>\n\t\t\t\t\t\t\t<div class=\"elementor-container elementor-column-gap-default\">\n\t\t\t\t\t<div class=\"elementor-column elementor-col-100 elementor-top-column elementor-element elementor-element-03db280\" data-id=\"03db280\" data-element_type=\"column\" data-e-type=\"column\">\n\t\t\t<div class=\"elementor-widget-wrap elementor-element-populated\">\n\t\t\t\t\t\t<div class=\"elementor-element elementor-element-1cbd7cc elementor-widget elementor-widget-heading\" data-id=\"1cbd7cc\" data-element_type=\"widget\" data-e-type=\"widget\" data-widget_type=\"heading.default\">\n\t\t\t\t<div class=\"elementor-widget-container\">\n\t\t\t\t\t<h2 class=\"elementor-heading-title elementor-size-default\">Parodontologie &amp; Parodontalerkrankungen<\/h2>\t\t\t\t<\/div>\n\t\t\t\t<\/div>\n\t\t\t\t\t<\/div>\n\t\t<\/div>\n\t\t\t\t\t<\/div>\n\t\t<\/section>\n\t\t<div class=\"elementor-element elementor-element-7adc2ab e-flex e-con-boxed e-con e-parent\" data-id=\"7adc2ab\" data-element_type=\"container\" data-e-type=\"container\">\n\t\t\t\t\t<div class=\"e-con-inner\">\n\t\t\t\t<div class=\"elementor-element elementor-element-e18c14c elementor-widget elementor-widget-image\" data-id=\"e18c14c\" data-element_type=\"widget\" data-e-type=\"widget\" data-widget_type=\"image.default\">\n\t\t\t\t<div class=\"elementor-widget-container\">\n\t\t\t\t\t\t\t\t\t\t\t\t\t\t\t<img decoding=\"async\" src=\"https:\/\/rocdentalturkey.com\/wp-content\/uploads\/elementor\/thumbs\/periodontology-r4e1evt2g5k38m0x504hd9be5zuy829df8j9mhcg3g.jpg\" title=\"Healthy teeth and smile. Serious doctor directly into the camera. Dentist sitting in the dentist for dental chair and holding a dental drill in hand.\" alt=\"Healthy teeth and smile. Serious doctor directly into the camera. Dentist sitting in the dentist for dental chair and holding a dental drill in hand.\" loading=\"lazy\" \/>\t\t\t\t\t\t\t\t\t\t\t\t\t\t\t<\/div>\n\t\t\t\t<\/div>\n\t\t\t\t\t<\/div>\n\t\t\t\t<\/div>\n\t\t<div class=\"elementor-element elementor-element-85d231f e-flex e-con-boxed e-con e-parent\" data-id=\"85d231f\" data-element_type=\"container\" data-e-type=\"container\">\n\t\t\t\t\t<div class=\"e-con-inner\">\n\t\t<div class=\"elementor-element elementor-element-48efdf4 e-con-full e-flex e-con e-child\" data-id=\"48efdf4\" data-element_type=\"container\" data-e-type=\"container\">\n\t\t\t\t<div class=\"elementor-element elementor-element-3b80c80 animated-slow elementor-invisible elementor-widget elementor-widget-heading\" data-id=\"3b80c80\" data-element_type=\"widget\" data-e-type=\"widget\" data-settings=\"{&quot;_animation&quot;:&quot;fadeInRight&quot;}\" data-widget_type=\"heading.default\">\n\t\t\t\t<div class=\"elementor-widget-container\">\n\t\t\t\t\t<h5 class=\"elementor-heading-title elementor-size-default\">roc cl\u0131n\u0131c<\/h5>\t\t\t\t<\/div>\n\t\t\t\t<\/div>\n\t\t\t\t<div class=\"elementor-element elementor-element-61d45bb elementor-widget elementor-widget-heading\" data-id=\"61d45bb\" data-element_type=\"widget\" data-e-type=\"widget\" data-widget_type=\"heading.default\">\n\t\t\t\t<div class=\"elementor-widget-container\">\n\t\t\t\t\t<h2 class=\"elementor-heading-title elementor-size-default\">Parodontologie &amp; Parodontalerkrankungen<\/h2>\t\t\t\t<\/div>\n\t\t\t\t<\/div>\n\t\t\t\t<\/div>\n\t\t<div class=\"elementor-element elementor-element-6ce5412 e-con-full e-flex e-con e-child\" data-id=\"6ce5412\" data-element_type=\"container\" data-e-type=\"container\">\n\t\t\t\t<div class=\"elementor-element elementor-element-90b9581 elementor-align-center elementor-widget elementor-widget-button\" data-id=\"90b9581\" data-element_type=\"widget\" data-e-type=\"widget\" data-widget_type=\"button.default\">\n\t\t\t\t<div class=\"elementor-widget-container\">\n\t\t\t\t\t\t\t\t\t<div class=\"elementor-button-wrapper\">\n\t\t\t\t\t<a class=\"elementor-button elementor-button-link elementor-size-sm elementor-animation-float\" href=\"https:\/\/rocdentalturkey.com\/index.php\/contact-us\/\">\n\t\t\t\t\t\t<span class=\"elementor-button-content-wrapper\">\n\t\t\t\t\t\t\t\t\t<span class=\"elementor-button-text\">Kontaktieren Sie uns<\/span>\n\t\t\t\t\t<\/span>\n\t\t\t\t\t<\/a>\n\t\t\t\t<\/div>\n\t\t\t\t\t\t\t\t<\/div>\n\t\t\t\t<\/div>\n\t\t\t\t<\/div>\n\t\t\t\t\t<\/div>\n\t\t\t\t<\/div>\n\t\t<div class=\"elementor-element elementor-element-0a93c6b e-flex e-con-boxed e-con e-parent\" data-id=\"0a93c6b\" data-element_type=\"container\" data-e-type=\"container\">\n\t\t\t\t\t<div class=\"e-con-inner\">\n\t\t\t\t<div class=\"elementor-element elementor-element-896b085 elementor-widget-divider--view-line elementor-widget elementor-widget-divider\" data-id=\"896b085\" data-element_type=\"widget\" data-e-type=\"widget\" data-widget_type=\"divider.default\">\n\t\t\t\t<div class=\"elementor-widget-container\">\n\t\t\t\t\t\t\t<div class=\"elementor-divider\">\n\t\t\t<span class=\"elementor-divider-separator\">\n\t\t\t\t\t\t<\/span>\n\t\t<\/div>\n\t\t\t\t\t\t<\/div>\n\t\t\t\t<\/div>\n\t\t\t\t<div class=\"elementor-element elementor-element-7f4c46a elementor-widget elementor-widget-text-editor\" data-id=\"7f4c46a\" data-element_type=\"widget\" data-e-type=\"widget\" data-widget_type=\"text-editor.default\">\n\t\t\t\t<div class=\"elementor-widget-container\">\n\t\t\t\t\t\t\t\t\t<p data-start=\"99\" data-end=\"595\">Gesundes Zahnfleisch ist die Grundlage f\u00fcr ein strahlendes und sch\u00f6nes L\u00e4cheln. In der <strong data-start=\"164\" data-end=\"186\">ROC Clinic Antalya<\/strong> sind wir auf <strong data-start=\"205\" data-end=\"255\">Parodontologie und Parodontitisbehandlung<\/strong> spezialisiert und bieten <strong data-start=\"266\" data-end=\"308\">fortschrittliche, minimalinvasive L\u00f6sungen<\/strong> zur Vorbeugung, Behandlung und Therapie von Zahnfleischerkrankungen. Egal, ob Sie unter <strong data-start=\"391\" data-end=\"450\">Zahnfleischbluten, Zahnfleischr\u00fcckgang oder fortgeschrittener Parodontitis<\/strong> leiden, unser Expertenteam bietet <strong data-start=\"477\" data-end=\"504\">individuelle Behandlungen<\/strong>, um Ihre <strong data-start=\"521\" data-end=\"592\">Mundgesundheit wiederherzustellen, Zahnverlust vorzubeugen und die Langlebigkeit Ihres L\u00e4chelns zu verl\u00e4ngern<\/strong>.<\/p>\n<h4 data-start=\"597\" data-end=\"638\"><strong data-start=\"602\" data-end=\"636\">Was sind Parodontalerkrankungen?<\/strong><\/h4>\n<p data-start=\"639\" data-end=\"805\">Parodontalerkrankungen (Zahnfleischerkrankungen) sind <strong data-start=\"670\" data-end=\"694\">bakterielle Infektionen<\/strong>, die das <strong data-start=\"711\" data-end=\"765\">Zahnfleisch betreffen. Knochen und St\u00fctzstrukturen der Z\u00e4hne<\/strong>. Unbehandelt k\u00f6nnen sie zu Folgendem f\u00fchren:<\/p>\n<ul data-start=\"806\" data-end=\"1139\">\n<li data-start=\"806\" data-end=\"878\"><strong data-start=\"808\" data-end=\"841\">Zahnfleischentz\u00fcndung (Gingivitis)<\/strong> \u2013 Rotes, geschwollenes und blutendes Zahnfleisch.<\/li>\n<li data-start=\"879\" data-end=\"964\"><strong data-start=\"881\" data-end=\"898\">Parodontitis<\/strong> \u2013 Fortgeschrittene Zahnfleischerkrankung, die Zahnfleischr\u00fcckgang und Knochenschwund verursacht.<\/li>\n<li data-start=\"965\" data-end=\"1059\"><strong data-start=\"967\" data-end=\"994\">Zahnbeweglichkeit und -verlust<\/strong> \u2013 Eine schwere Infektion schw\u00e4cht den Kieferknochen und f\u00fchrt zum Zahnverlust.<\/li>\n<li data-start=\"1060\" data-end=\"1139\"><strong data-start=\"1062\" data-end=\"1088\">Mundgeruch (Halitosis)<\/strong> \u2013 Anhaltender \u00fcbler Geruch aufgrund von Bakterienansammlungen.<\/li>\n<\/ul>\n<h4 data-start=\"1141\" data-end=\"1191\"><strong data-start=\"1146\" data-end=\"1189\">Anzeichen f\u00fcr eine Parodontitis:<\/strong><\/h4>\n<p data-start=\"1192\" data-end=\"1459\">\u2714 <strong data-start=\"1194\" data-end=\"1211\">Zahnfleischbluten<\/strong> beim Z\u00e4hneputzen oder der Verwendung von Zahnseide.<br data-start=\"1238\" data-end=\"1241\" \/>\u2714 <strong data-start=\"1243\" data-end=\"1275\">Geschwollenes, ger\u00f6tetes oder empfindliches Zahnfleisch<\/strong>.<br data-start=\"1276\" data-end=\"1279\" \/>\u2714 <strong data-start=\"1281\" data-end=\"1298\">Zahnfleischr\u00fcckgang<\/strong> (Z\u00e4hne erscheinen l\u00e4nger).<br data-start=\"1321\" data-end=\"1324\" \/>\u2714 <strong data-start=\"1326\" data-end=\"1353\">Lockere oder sich verschiebende Z\u00e4hne<\/strong>.<br data-start=\"1354\" data-end=\"1357\" \/>\u2714 <strong data-start=\"1359\" data-end=\"1410\">Anhaltender Mundgeruch oder schlechter Geschmack im Mund<\/strong>.<br data-start=\"1411\" data-end=\"1414\" \/>\u2714 <strong data-start=\"1416\" data-end=\"1456\">Eiterbildung zwischen Z\u00e4hnen und Zahnfleisch<\/strong>.<\/p>\n<p data-start=\"1461\" data-end=\"1592\">Wenn Sie eines dieser Symptome bemerken, ist es wichtig, <strong data-start=\"1520\" data-end=\"1563\">suchen Sie sofort einen Fachmann auf<\/strong>, um weiteren Schaden zu verhindern.<\/p>\n<h4 data-start=\"1594\" data-end=\"1650\"><strong data-start=\"1599\" data-end=\"1648\">Parodontalbehandlungen in der ROC Clinic Antalya:<\/strong><\/h4>\n<p data-start=\"1651\" data-end=\"2215\">\u2714 <strong data-start=\"1653\" data-end=\"1695\">Scaling &amp; Wurzelgl\u00e4ttung (Tiefenreinigung)<\/strong> \u2013 Entfernt Plaque und Bakterien unter dem Zahnfleischrand.<br data-start=\"1751\" data-end=\"1754\" \/>\u2714 <strong data-start=\"1756\" data-end=\"1777\">Laser-Zahnfleischbehandlung<\/strong> \u2013 Minimalinvasive Laserbehandlung zur Beseitigung von Infektionen und Stimulierung der Heilung.<br data-start=\"1860\" data-end=\"1863\" \/>\u2714 <strong data-start=\"1865\" data-end=\"1881\">Zahnfleischtransplantation<\/strong> \u2013 Behandelt <strong data-start=\"1891\" data-end=\"1908\">Zahnfleischr\u00fcckgang<\/strong> durch Wiederherstellung verlorenen Gewebes.<br data-start=\"1934\" data-end=\"1937\" \/>\u2714 <strong data-start=\"1939\" data-end=\"1967\">Taschenreduktionschirurgie<\/strong> \u2013 Reduziert tiefe Zahnfleischtaschen, um weiteren Infektion.<br data-start=\"2024\" data-end=\"2027\" \/>\u2714 <strong data-start=\"2029\" data-end=\"2059\">Gesteuerte Geweberegeneration<\/strong> \u2013 Stimuliert das Knochenwachstum in von Zahnfleischerkrankungen betroffenen Bereichen.<br data-start=\"2120\" data-end=\"2123\" \/>\u2714 <strong data-start=\"2125\" data-end=\"2158\">Wartung &amp; Vorbeugende Pflege<\/strong> \u2013 Regelm\u00e4\u00dfige professionelle Reinigungen f\u00fcr gesundes Zahnfleisch.<\/p>\n<h4 data-start=\"2217\" data-end=\"2262\"><strong data-start=\"2222\" data-end=\"2260\">Vorteile der Parodontalbehandlung:<\/strong><\/h4>\n<p data-start=\"2263\" data-end=\"2664\">\u2714 <strong data-start=\"2265\" data-end=\"2298\">Stoppt das Fortschreiten von Zahnfleischerkrankungen<\/strong> \u2013 Verhindert weitere Sch\u00e4den und Zahnverlust.<br data-start=\"2340\" data-end=\"2343\" \/>\u2714 <strong data-start=\"2345\" data-end=\"2368\">Stellt die Gesundheit des Zahnfleisches wieder her<\/strong> \u2013 Reduziert Entz\u00fcndungen und st\u00e4rkt das Zahnfleischgewebe.<br data-start=\"2419\" data-end=\"2422\" \/>\u2714 <strong data-start=\"2424\" data-end=\"2446\">Beugt Knochenschwund vor<\/strong> \u2013 Sch\u00fctzt den Kieferknochen vor Abbau.<br data-start=\"2489\" data-end=\"2492\" \/>\u2714 <strong data-start=\"2494\" data-end=\"2519\">Beseitigt Mundgeruch<\/strong> \u2013 Entfernt Infektionen und Bakterienablagerungen f\u00fcr frischen Atem.<br data-start=\"2579\" data-end=\"2582\" \/>\u2714 <strong data-start=\"2584\" data-end=\"2613\">Verbessert die \u00c4sthetik Ihres L\u00e4chelns<\/strong> \u2013 Behandelt <strong data-start=\"2623\" data-end=\"2661\">Zahnfleischr\u00fcckgang und ungleichm\u00e4\u00dfige Zahnfleischr\u00e4nder<\/strong>.<\/p>\n<h4 data-start=\"2666\" data-end=\"2707\"><strong data-start=\"2671\" data-end=\"2705\">Warum die ROC Clinic Antalya w\u00e4hlen?<\/strong><\/h4>\n<p data-start=\"2708\" data-end=\"2950\">In der <strong data-start=\"2711\" data-end=\"2733\">ROC Clinic Antalya<\/strong> legen wir <strong data-start=\"2749\" data-end=\"2794\">Priorit\u00e4t Komfort und langfristige Mundgesundheit<\/strong>. Unsere <strong data-start=\"2800\" data-end=\"2829\">spezialisierten Parodontologen<\/strong> verwenden die neuesten <strong data-start=\"2845\" data-end=\"2891\">nicht-chirurgischen und lasergest\u00fctzten Behandlungen<\/strong>, um eine <strong data-start=\"2903\" data-end=\"2947\">schmerzfreie, wirksame Therapie von Zahnfleischerkrankungen<\/strong> anzubieten.<\/p>\n<p data-start=\"2952\" data-end=\"3217\">Vor allem glauben wir, dass <strong data-start=\"2981\" data-end=\"3046\">erstklassige Parodontalversorgung f\u00fcr jeden zug\u00e4nglich sein sollte<\/strong>. Im Gegensatz zu vielen Kliniken, die f\u00fcr Zahnfleischbehandlungen zu viel verlangen, bieten wir <strong data-start=\"3113\" data-end=\"3150\">erschwingliche, erstklassige L\u00f6sungen<\/strong>, die Ihnen helfen, <strong data-start=\"3163\" data-end=\"3214\">ein gesundes, sch\u00f6nes L\u00e4cheln zu bekommen und zu behalten<\/strong>.<\/p>\n<h4 data-start=\"3219\" data-end=\"3274\"><strong data-start=\"3224\" data-end=\"3272\">Sch\u00fctzen Sie Ihr Zahnfleisch und bewahren Sie Ihr L\u00e4cheln!<\/strong><\/h4>\n<p data-start=\"3275\" data-end=\"3521\" data-is-last-node=\"\" data-is-only-node=\"\">Lassen Sie nicht zu, dass <strong data-start=\"3285\" data-end=\"3300\">Zahnfleischerkrankungen<\/strong> Ihre <strong data-start=\"3313\" data-end=\"3343\">Mundgesundheit und Ihr Selbstvertrauen<\/strong> beeintr\u00e4chtigen. <strong data-start=\"3345\" data-end=\"3396\">Buchen Sie noch heute eine Beratung in der ROC Clinic Antalya<\/strong> und lassen Sie unsere Parodontologie-Experten Ihre <strong data-start=\"3442\" data-end=\"3521\" data-is-last-node=\"\">Zahnfleischgesundheit wiederherstellen, Zahnverlust vorbeugen und Ihnen ein L\u00e4cheln schenken, das ein Leben lang h\u00e4lt!<\/strong><\/p>\n\t\t\t\t\t\t\t\t<\/div>\n\t\t\t\t<\/div>\n\t\t\t\t\t<\/div>\n\t\t\t\t<\/div>\n\t\t\t\t<\/div>\n\t\t","protected":false},"excerpt":{"rendered":"<p>Parodontologie &amp; Parodontalerkrankungen roc cl\u0131n\u0131c Parodontologie &amp; Parodontalerkrankungen Kontaktieren Sie uns Gesundes Zahnfleisch ist die Grundlage f\u00fcr ein strahlendes und sch\u00f6nes L\u00e4cheln. In der ROC Clinic Antalya sind wir auf Parodontologie und Parodontitisbehandlung spezialisiert und bieten fortschrittliche, minimalinvasive L\u00f6sungen zur Vorbeugung, Behandlung und Therapie von Zahnfleischerkrankungen. Egal, ob Sie unter Zahnfleischbluten, Zahnfleischr\u00fcckgang oder fortgeschrittener Parodontitis [&hellip;]<\/p>\n","protected":false},"author":1,"featured_media":0,"parent":0,"menu_order":0,"comment_status":"closed","ping_status":"closed","template":"elementor_header_footer","meta":{"footnotes":""},"class_list":["post-1900","page","type-page","status-publish","hentry"],"_links":{"self":[{"href":"https:\/\/rocdentalturkey.com\/index.php\/wp-json\/wp\/v2\/pages\/1900","targetHints":{"allow":["GET"]}}],"collection":[{"href":"https:\/\/rocdentalturkey.com\/index.php\/wp-json\/wp\/v2\/pages"}],"about":[{"href":"https:\/\/rocdentalturkey.com\/index.php\/wp-json\/wp\/v2\/types\/page"}],"author":[{"embeddable":true,"href":"https:\/\/rocdentalturkey.com\/index.php\/wp-json\/wp\/v2\/users\/1"}],"replies":[{"embeddable":true,"href":"https:\/\/rocdentalturkey.com\/index.php\/wp-json\/wp\/v2\/comments?post=1900"}],"version-history":[{"count":1,"href":"https:\/\/rocdentalturkey.com\/index.php\/wp-json\/wp\/v2\/pages\/1900\/revisions"}],"predecessor-version":[{"id":1901,"href":"https:\/\/rocdentalturkey.com\/index.php\/wp-json\/wp\/v2\/pages\/1900\/revisions\/1901"}],"wp:attachment":[{"href":"https:\/\/rocdentalturkey.com\/index.php\/wp-json\/wp\/v2\/media?parent=1900"}],"curies":[{"name":"wp","href":"https:\/\/api.w.org\/{rel}","templated":true}]}}