{"id":1898,"date":"2025-03-18T13:38:11","date_gmt":"2025-03-18T13:38:11","guid":{"rendered":"https:\/\/rocdentalturkey.com\/index.php\/nicht-chirurgisches-implantat\/"},"modified":"2025-07-04T15:03:02","modified_gmt":"2025-07-04T15:03:02","slug":"nicht-chirurgisches-implantat","status":"publish","type":"page","link":"https:\/\/rocdentalturkey.com\/index.php\/nicht-chirurgisches-implantat\/?lang=de","title":{"rendered":"Nicht-chirurgisches Implantat"},"content":{"rendered":"<style>.elementor-1898 .elementor-element.elementor-element-79cdbf8 > .elementor-container{max-width:1170px;}.elementor-1898 .elementor-element.elementor-element-79cdbf8:not(.elementor-motion-effects-element-type-background), .elementor-1898 .elementor-element.elementor-element-79cdbf8 > .elementor-motion-effects-container > .elementor-motion-effects-layer{background-color:#000000;background-image:url(\"https:\/\/rocdentalturkey.com\/wp-content\/uploads\/2025\/03\/advice-of-dentist.jpg\");background-position:0px 65%;background-size:cover;}.elementor-1898 .elementor-element.elementor-element-79cdbf8 > .elementor-background-overlay{background-color:#000000;opacity:0.8;transition:background 0.3s, border-radius 0.3s, opacity 0.3s;}.elementor-1898 .elementor-element.elementor-element-79cdbf8{transition:background 0.3s, border 0.3s, border-radius 0.3s, box-shadow 0.3s;margin-top:0px;margin-bottom:0px;padding:140px 0px 140px 0px;}.elementor-1898 .elementor-element.elementor-element-03db280.elementor-column > .elementor-widget-wrap{justify-content:center;}.elementor-1898 .elementor-element.elementor-element-1cbd7cc{text-align:center;}.elementor-1898 .elementor-element.elementor-element-1cbd7cc .elementor-heading-title{font-family:\"Montserrat\", Sans-serif;font-size:32px;font-weight:700;text-transform:uppercase;line-height:1.2em;color:var( --e-global-color-c3e5fb3 );}.elementor-1898 .elementor-element.elementor-element-7adc2ab{--display:flex;--flex-direction:column;--container-widget-width:100%;--container-widget-height:initial;--container-widget-flex-grow:0;--container-widget-align-self:initial;--flex-wrap-mobile:wrap;--margin-top:60px;--margin-bottom:0px;--margin-left:0px;--margin-right:0px;}.elementor-1898 .elementor-element.elementor-element-85d231f{--display:flex;--flex-direction:row;--container-widget-width:initial;--container-widget-height:100%;--container-widget-flex-grow:1;--container-widget-align-self:stretch;--flex-wrap-mobile:wrap;--gap:0px 0px;--row-gap:0px;--column-gap:0px;--margin-top:20px;--margin-bottom:0px;--margin-left:0px;--margin-right:0px;}.elementor-1898 .elementor-element.elementor-element-48efdf4{--display:flex;--flex-direction:column;--container-widget-width:100%;--container-widget-height:initial;--container-widget-flex-grow:0;--container-widget-align-self:initial;--flex-wrap-mobile:wrap;}.elementor-1898 .elementor-element.elementor-element-3b80c80 .elementor-heading-title{font-family:\"Montserrat\", Sans-serif;font-size:14px;font-weight:600;text-transform:uppercase;line-height:1em;letter-spacing:1.5px;color:#20BBE4;}.elementor-1898 .elementor-element.elementor-element-61d45bb{text-align:start;}.elementor-1898 .elementor-element.elementor-element-61d45bb .elementor-heading-title{font-family:\"Montserrat\", Sans-serif;font-size:32px;font-weight:700;line-height:1.2em;color:var( --e-global-color-primary );}.elementor-1898 .elementor-element.elementor-element-6ce5412{--display:flex;--flex-direction:column;--container-widget-width:calc( ( 1 - var( --container-widget-flex-grow ) ) * 100% );--container-widget-height:initial;--container-widget-flex-grow:0;--container-widget-align-self:initial;--flex-wrap-mobile:wrap;--align-items:flex-end;}.elementor-1898 .elementor-element.elementor-element-90b9581 .elementor-button{font-family:var( --e-global-typography-9feda6e-font-family ), Sans-serif;font-size:var( --e-global-typography-9feda6e-font-size );font-weight:var( --e-global-typography-9feda6e-font-weight );text-transform:var( --e-global-typography-9feda6e-text-transform );line-height:var( --e-global-typography-9feda6e-line-height );letter-spacing:var( --e-global-typography-9feda6e-letter-spacing );word-spacing:var( --e-global-typography-9feda6e-word-spacing );fill:var( --e-global-color-c3e5fb3 );color:var( --e-global-color-c3e5fb3 );background-color:#20BBE4;border-radius:20px 20px 3px 3px;padding:20px 40px 20px 40px;}.elementor-1898 .elementor-element.elementor-element-90b9581 .elementor-button:hover, .elementor-1898 .elementor-element.elementor-element-90b9581 .elementor-button:focus{color:#20BBE4;background-color:var( --e-global-color-c3e5fb3 );}.elementor-1898 .elementor-element.elementor-element-90b9581 .elementor-button:hover svg, .elementor-1898 .elementor-element.elementor-element-90b9581 .elementor-button:focus svg{fill:#20BBE4;}.elementor-1898 .elementor-element.elementor-element-90b9581 > .elementor-widget-container{margin:20px 0px 0px 0px;}.elementor-1898 .elementor-element.elementor-element-0a93c6b{--display:flex;--flex-direction:column;--container-widget-width:100%;--container-widget-height:initial;--container-widget-flex-grow:0;--container-widget-align-self:initial;--flex-wrap-mobile:wrap;--margin-top:0px;--margin-bottom:50px;--margin-left:0px;--margin-right:0px;}.elementor-1898 .elementor-element.elementor-element-896b085{--divider-border-style:solid;--divider-color:#F7F7F7;--divider-border-width:1px;}.elementor-1898 .elementor-element.elementor-element-896b085 .elementor-divider-separator{width:100%;}.elementor-1898 .elementor-element.elementor-element-896b085 .elementor-divider{padding-block-start:2px;padding-block-end:2px;}.elementor-1898 .elementor-element.elementor-element-7f4c46a{font-family:\"Montserrat\", Sans-serif;font-size:16px;font-weight:400;line-height:1.5em;color:var( --e-global-color-text );}@media(min-width:768px){.elementor-1898 .elementor-element.elementor-element-48efdf4{--width:66.6666%;}.elementor-1898 .elementor-element.elementor-element-6ce5412{--width:33.3333%;}}@media(max-width:1024px){.elementor-1898 .elementor-element.elementor-element-79cdbf8:not(.elementor-motion-effects-element-type-background), .elementor-1898 .elementor-element.elementor-element-79cdbf8 > .elementor-motion-effects-container > .elementor-motion-effects-layer{background-position:0px 0px;}.elementor-1898 .elementor-element.elementor-element-79cdbf8{padding:120px 10px 120px 10px;}.elementor-1898 .elementor-element.elementor-element-90b9581 .elementor-button{font-size:var( --e-global-typography-9feda6e-font-size );line-height:var( --e-global-typography-9feda6e-line-height );letter-spacing:var( --e-global-typography-9feda6e-letter-spacing );word-spacing:var( --e-global-typography-9feda6e-word-spacing );}}@media(max-width:767px){.elementor-1898 .elementor-element.elementor-element-79cdbf8:not(.elementor-motion-effects-element-type-background), .elementor-1898 .elementor-element.elementor-element-79cdbf8 > .elementor-motion-effects-container > .elementor-motion-effects-layer{background-position:0px 0px;}.elementor-1898 .elementor-element.elementor-element-79cdbf8{padding:80px 10px 80px 10px;}.elementor-1898 .elementor-element.elementor-element-1cbd7cc .elementor-heading-title{font-size:24px;}.elementor-1898 .elementor-element.elementor-element-3b80c80 .elementor-heading-title{font-size:14px;}.elementor-1898 .elementor-element.elementor-element-61d45bb .elementor-heading-title{font-size:24px;}.elementor-1898 .elementor-element.elementor-element-90b9581 .elementor-button{font-size:var( --e-global-typography-9feda6e-font-size );line-height:var( --e-global-typography-9feda6e-line-height );letter-spacing:var( --e-global-typography-9feda6e-letter-spacing );word-spacing:var( --e-global-typography-9feda6e-word-spacing );}.elementor-1898 .elementor-element.elementor-element-7f4c46a{font-size:14px;}}<\/style>\t\t<div data-elementor-type=\"wp-page\" data-elementor-id=\"1898\" class=\"elementor elementor-1898 elementor-187\" data-elementor-post-type=\"page\">\n\t\t\t\t\t\t<section class=\"elementor-section elementor-top-section elementor-element elementor-element-79cdbf8 elementor-section-boxed elementor-section-height-default elementor-section-height-default\" data-id=\"79cdbf8\" data-element_type=\"section\" data-e-type=\"section\" data-settings=\"{&quot;background_background&quot;:&quot;classic&quot;}\">\n\t\t\t\t\t\t\t<div class=\"elementor-background-overlay\"><\/div>\n\t\t\t\t\t\t\t<div class=\"elementor-container elementor-column-gap-default\">\n\t\t\t\t\t<div class=\"elementor-column elementor-col-100 elementor-top-column elementor-element elementor-element-03db280\" data-id=\"03db280\" data-element_type=\"column\" data-e-type=\"column\">\n\t\t\t<div class=\"elementor-widget-wrap elementor-element-populated\">\n\t\t\t\t\t\t<div class=\"elementor-element elementor-element-1cbd7cc elementor-widget elementor-widget-heading\" data-id=\"1cbd7cc\" data-element_type=\"widget\" data-e-type=\"widget\" data-widget_type=\"heading.default\">\n\t\t\t\t<div class=\"elementor-widget-container\">\n\t\t\t\t\t<h2 class=\"elementor-heading-title elementor-size-default\">Nicht-chirurgisches Implantat<\/h2>\t\t\t\t<\/div>\n\t\t\t\t<\/div>\n\t\t\t\t\t<\/div>\n\t\t<\/div>\n\t\t\t\t\t<\/div>\n\t\t<\/section>\n\t\t<div class=\"elementor-element elementor-element-7adc2ab e-flex e-con-boxed e-con e-parent\" data-id=\"7adc2ab\" data-element_type=\"container\" data-e-type=\"container\">\n\t\t\t\t\t<div class=\"e-con-inner\">\n\t\t\t\t<div class=\"elementor-element elementor-element-e18c14c elementor-widget elementor-widget-image\" data-id=\"e18c14c\" data-element_type=\"widget\" data-e-type=\"widget\" data-widget_type=\"image.default\">\n\t\t\t\t<div class=\"elementor-widget-container\">\n\t\t\t\t\t\t\t\t\t\t\t\t\t\t\t<img decoding=\"async\" src=\"https:\/\/rocdentalturkey.com\/wp-content\/uploads\/elementor\/thumbs\/non-surgical-implants-r4e1e8b3panx6cz1y7yt4x8vbd2rvmo30084mkbaf0.jpg\" title=\"Young man with a toothy smile demonstrating his dental implant\" alt=\"Headshot of a happy attractive guy with open mouth showing his white teeth before the camera\" loading=\"lazy\" \/>\t\t\t\t\t\t\t\t\t\t\t\t\t\t\t<\/div>\n\t\t\t\t<\/div>\n\t\t\t\t\t<\/div>\n\t\t\t\t<\/div>\n\t\t<div class=\"elementor-element elementor-element-85d231f e-flex e-con-boxed e-con e-parent\" data-id=\"85d231f\" data-element_type=\"container\" data-e-type=\"container\">\n\t\t\t\t\t<div class=\"e-con-inner\">\n\t\t<div class=\"elementor-element elementor-element-48efdf4 e-con-full e-flex e-con e-child\" data-id=\"48efdf4\" data-element_type=\"container\" data-e-type=\"container\">\n\t\t\t\t<div class=\"elementor-element elementor-element-3b80c80 animated-slow elementor-invisible elementor-widget elementor-widget-heading\" data-id=\"3b80c80\" data-element_type=\"widget\" data-e-type=\"widget\" data-settings=\"{&quot;_animation&quot;:&quot;fadeInRight&quot;}\" data-widget_type=\"heading.default\">\n\t\t\t\t<div class=\"elementor-widget-container\">\n\t\t\t\t\t<h5 class=\"elementor-heading-title elementor-size-default\">roc cl\u0131n\u0131c<\/h5>\t\t\t\t<\/div>\n\t\t\t\t<\/div>\n\t\t\t\t<div class=\"elementor-element elementor-element-61d45bb elementor-widget elementor-widget-heading\" data-id=\"61d45bb\" data-element_type=\"widget\" data-e-type=\"widget\" data-widget_type=\"heading.default\">\n\t\t\t\t<div class=\"elementor-widget-container\">\n\t\t\t\t\t<h2 class=\"elementor-heading-title elementor-size-default\">Nicht-chirurgisches Implantat<\/h2>\t\t\t\t<\/div>\n\t\t\t\t<\/div>\n\t\t\t\t<\/div>\n\t\t<div class=\"elementor-element elementor-element-6ce5412 e-con-full e-flex e-con e-child\" data-id=\"6ce5412\" data-element_type=\"container\" data-e-type=\"container\">\n\t\t\t\t<div class=\"elementor-element elementor-element-90b9581 elementor-align-center elementor-widget elementor-widget-button\" data-id=\"90b9581\" data-element_type=\"widget\" data-e-type=\"widget\" data-widget_type=\"button.default\">\n\t\t\t\t<div class=\"elementor-widget-container\">\n\t\t\t\t\t\t\t\t\t<div class=\"elementor-button-wrapper\">\n\t\t\t\t\t<a class=\"elementor-button elementor-button-link elementor-size-sm elementor-animation-float\" href=\"https:\/\/rocdentalturkey.com\/index.php\/kontaktieren-sie-uns\/?lang=de\">\n\t\t\t\t\t\t<span class=\"elementor-button-content-wrapper\">\n\t\t\t\t\t\t\t\t\t<span class=\"elementor-button-text\">Kontaktieren Sie uns<\/span>\n\t\t\t\t\t<\/span>\n\t\t\t\t\t<\/a>\n\t\t\t\t<\/div>\n\t\t\t\t\t\t\t\t<\/div>\n\t\t\t\t<\/div>\n\t\t\t\t<\/div>\n\t\t\t\t\t<\/div>\n\t\t\t\t<\/div>\n\t\t<div class=\"elementor-element elementor-element-0a93c6b e-flex e-con-boxed e-con e-parent\" data-id=\"0a93c6b\" data-element_type=\"container\" data-e-type=\"container\">\n\t\t\t\t\t<div class=\"e-con-inner\">\n\t\t\t\t<div class=\"elementor-element elementor-element-896b085 elementor-widget-divider--view-line elementor-widget elementor-widget-divider\" data-id=\"896b085\" data-element_type=\"widget\" data-e-type=\"widget\" data-widget_type=\"divider.default\">\n\t\t\t\t<div class=\"elementor-widget-container\">\n\t\t\t\t\t\t\t<div class=\"elementor-divider\">\n\t\t\t<span class=\"elementor-divider-separator\">\n\t\t\t\t\t\t<\/span>\n\t\t<\/div>\n\t\t\t\t\t\t<\/div>\n\t\t\t\t<\/div>\n\t\t\t\t<div class=\"elementor-element elementor-element-7f4c46a elementor-widget elementor-widget-text-editor\" data-id=\"7f4c46a\" data-element_type=\"widget\" data-e-type=\"widget\" data-widget_type=\"text-editor.default\">\n\t\t\t\t<div class=\"elementor-widget-container\">\n\t\t\t\t\t\t\t\t\t<p data-start=\"94\" data-end=\"486\">Wir in der <strong data-start=\"97\" data-end=\"119\">ROC Clinic Antalya<\/strong> wissen, dass zahn\u00e4rztliche Eingriffe manchmal einsch\u00fcchternd wirken k\u00f6nnen. Deshalb bieten wir <strong data-start=\"211\" data-end=\"243\">Nicht-chirurgische Zahnimplantate<\/strong> an, eine <strong data-start=\"248\" data-end=\"307\">fortschrittliche, schmerzfreie und minimalinvasive Alternative<\/strong> zur herk\u00f6mmlichen Implantatchirurgie. Diese innovative Technik erm\u00f6glicht es Patienten, ihre <strong data-start=\"399\" data-end=\"440\">fehlenden Z\u00e4hne schnell und bequem<\/strong> wiederherzustellen, ohne dass Schnitte oder N\u00e4hte erforderlich sind.<\/p>\n<h4 data-start=\"488\" data-end=\"537\"><strong data-start=\"493\" data-end=\"535\">Was sind nicht-chirurgische Zahnimplantate?<\/strong><\/h4>\n<p data-start=\"538\" data-end=\"933\">Im Gegensatz zu herk\u00f6mmlichen Implantaten, bei denen das Zahnfleischgewebe eingeschnitten werden muss, werden <strong data-start=\"608\" data-end=\"633\">nicht-chirurgische Implantate<\/strong> mithilfe einer <strong data-start=\"651\" data-end=\"681\">computergest\u00fctzten Technologie<\/strong> eingesetzt, wodurch eine <strong data-start=\"692\" data-end=\"726\">pr\u00e4zise Implantation ohne Lappenbildung<\/strong> direkt in den Kieferknochen gew\u00e4hrleistet wird. Diese Methode reduziert <strong data-start=\"788\" data-end=\"825\">Schmerzen, Schwellungen und die Genesungszeit<\/strong> erheblich und ist somit eine <strong data-start=\"839\" data-end=\"868\">sichere und effiziente Option<\/strong> f\u00fcr Patienten, die einen <strong data-start=\"890\" data-end=\"930\">schnellen und effektiven Zahnersatz<\/strong> suchen.<\/p>\n<h4 data-start=\"935\" data-end=\"979\"><strong data-start=\"940\" data-end=\"977\">Vorteile von nicht-chirurgischen Implantaten<\/strong><\/h4>\n<p data-start=\"980\" data-end=\"1580\">\u2714 <strong data-start=\"982\" data-end=\"1014\">Minimalinvasives Verfahren<\/strong> \u2013 Keine Einschnitte, keine N\u00e4hte und weniger Beschwerden.<br data-start=\"1064\" data-end=\"1067\" \/>\u2714 <strong data-start=\"1069\" data-end=\"1092\">Schnellere Heilungszeit<\/strong> \u2013 Reduzierte Schwellung und schnellere Genesung im Vergleich zu herk\u00f6mmlichen Implantaten.<br data-start=\"1166\" data-end=\"1169\" \/>\u2714 <strong data-start=\"1171\" data-end=\"1198\">Sofortige Funktionalit\u00e4t<\/strong> \u2013 In vielen F\u00e4llen k\u00f6nnen Patienten ihre neuen Z\u00e4hne noch am selben Tag erhalten.<br data-start=\"1266\" data-end=\"1269\" \/>\u2714 <strong data-start=\"1271\" data-end=\"1299\">Sichere und pr\u00e4zise Platzierung<\/strong> \u2013 Fortschrittliche 3D-Bildgebung gew\u00e4hrleistet Genauigkeit und optimale Positionierung.<br data-start=\"1363\" data-end=\"1366\" \/>\u2714 <strong data-start=\"1368\" data-end=\"1399\">Erh\u00e4lt Zahnfleisch und Knochengesundheit<\/strong> \u2013 Weniger Trauma f\u00fcr das umliegende Gewebe f\u00fcr ein nat\u00fcrlicheres Gef\u00fchl.<br data-start=\"1461\" data-end=\"1464\" \/>\u2714 <strong data-start=\"1466\" data-end=\"1503\">Ideal f\u00fcr Patienten mit Knochenschwund<\/strong> \u2013 Eine gro\u00dfartige L\u00f6sung f\u00fcr diejenigen, f\u00fcr die herk\u00f6mmliche Implantate m\u00f6glicherweise nicht in Frage kommen.<\/p>\n<h4 data-start=\"1582\" data-end=\"1623\"><strong data-start=\"1587\" data-end=\"1621\">Warum die ROC Clinic Antalya w\u00e4hlen?<\/strong><\/h4>\n<p data-start=\"1624\" data-end=\"1915\">In der <strong data-start=\"1627\" data-end=\"1649\">ROC Clinic Antalya<\/strong> sind wir auf <strong data-start=\"1668\" data-end=\"1713\">modernste, patientenorientierte Zahnpflege<\/strong> spezialisiert und gew\u00e4hrleisten eine <strong data-start=\"1726\" data-end=\"1755\">schmerzfreies und stressfreies<\/strong> Erlebnis f\u00fcr unsere Patienten. Unsere <strong data-start=\"1789\" data-end=\"1816\">erfahrenen Spezialisten<\/strong> verwenden <strong data-start=\"1821\" data-end=\"1867\">modernste gef\u00fchrte Implantattechnologie<\/strong>, um <strong data-start=\"1879\" data-end=\"1912\">maximale Pr\u00e4zision und Komfort<\/strong> zu bieten.<\/p>\n<p data-start=\"1917\" data-end=\"2218\">Vor allem glauben wir, dass <strong data-start=\"1951\" data-end=\"2008\">erstklassige Zahnpflege f\u00fcr jeden zug\u00e4nglich sein sollte<\/strong>. W\u00e4hrend viele Kliniken \u00fcberh\u00f6hte Preise f\u00fcr innovative Implantattechniken verlangen, bieten wir <strong data-start=\"2092\" data-end=\"2149\">erschwingliche und dennoch erstklassige nicht-chirurgische Implantatl\u00f6sungen<\/strong> an, mit denen Sie <strong data-start=\"2167\" data-end=\"2215\">Ihr L\u00e4cheln wiederherstellen k\u00f6nnen, ohne Ihr Budget zu sprengen<\/strong>.<\/p>\n<h4 data-start=\"2220\" data-end=\"2275\"><strong data-start=\"2225\" data-end=\"2273\">Gewinnen Sie Ihr L\u00e4cheln zur\u00fcck \u2013 problemlos &amp; Schmerzfrei!<\/strong><\/h4>\n<p data-start=\"2276\" data-end=\"2522\" data-is-last-node=\"\" data-is-only-node=\"\">Wenn Sie nach einer <strong data-start=\"2300\" data-end=\"2337\">schnellen, bequemen und effektiven<\/strong> M\u00f6glichkeit suchen, fehlende Z\u00e4hne zu ersetzen, sind <strong data-start=\"2368\" data-end=\"2415\">nicht-chirurgischen Implantate der ROC Clinic Antalya<\/strong> die perfekte L\u00f6sung. <strong data-start=\"2442\" data-end=\"2522\" data-is-last-node=\"\">Buchen Sie noch heute Ihren Beratungstermin und erleben Sie die Zukunft der Implantologie!<\/strong><\/p>\n\t\t\t\t\t\t\t\t<\/div>\n\t\t\t\t<\/div>\n\t\t\t\t\t<\/div>\n\t\t\t\t<\/div>\n\t\t\t\t<\/div>\n\t\t","protected":false},"excerpt":{"rendered":"<p>Nicht-chirurgisches Implantat roc cl\u0131n\u0131c Nicht-chirurgisches Implantat Kontaktieren Sie uns Wir in der ROC Clinic Antalya wissen, dass zahn\u00e4rztliche Eingriffe manchmal einsch\u00fcchternd wirken k\u00f6nnen. Deshalb bieten wir Nicht-chirurgische Zahnimplantate an, eine fortschrittliche, schmerzfreie und minimalinvasive Alternative zur herk\u00f6mmlichen Implantatchirurgie. Diese innovative Technik erm\u00f6glicht es Patienten, ihre fehlenden Z\u00e4hne schnell und bequem wiederherzustellen, ohne dass Schnitte oder [&hellip;]<\/p>\n","protected":false},"author":1,"featured_media":0,"parent":0,"menu_order":0,"comment_status":"closed","ping_status":"closed","template":"elementor_header_footer","meta":{"footnotes":""},"class_list":["post-1898","page","type-page","status-publish","hentry"],"_links":{"self":[{"href":"https:\/\/rocdentalturkey.com\/index.php\/wp-json\/wp\/v2\/pages\/1898","targetHints":{"allow":["GET"]}}],"collection":[{"href":"https:\/\/rocdentalturkey.com\/index.php\/wp-json\/wp\/v2\/pages"}],"about":[{"href":"https:\/\/rocdentalturkey.com\/index.php\/wp-json\/wp\/v2\/types\/page"}],"author":[{"embeddable":true,"href":"https:\/\/rocdentalturkey.com\/index.php\/wp-json\/wp\/v2\/users\/1"}],"replies":[{"embeddable":true,"href":"https:\/\/rocdentalturkey.com\/index.php\/wp-json\/wp\/v2\/comments?post=1898"}],"version-history":[{"count":1,"href":"https:\/\/rocdentalturkey.com\/index.php\/wp-json\/wp\/v2\/pages\/1898\/revisions"}],"predecessor-version":[{"id":1899,"href":"https:\/\/rocdentalturkey.com\/index.php\/wp-json\/wp\/v2\/pages\/1898\/revisions\/1899"}],"wp:attachment":[{"href":"https:\/\/rocdentalturkey.com\/index.php\/wp-json\/wp\/v2\/media?parent=1898"}],"curies":[{"name":"wp","href":"https:\/\/api.w.org\/{rel}","templated":true}]}}