{"id":1892,"date":"2025-03-18T13:50:01","date_gmt":"2025-03-18T13:50:01","guid":{"rendered":"https:\/\/rocdentalturkey.com\/index.php\/laser-zahnfleischbehandlung\/"},"modified":"2025-07-04T15:01:56","modified_gmt":"2025-07-04T15:01:56","slug":"laser-zahnfleischbehandlung","status":"publish","type":"page","link":"https:\/\/rocdentalturkey.com\/index.php\/laser-zahnfleischbehandlung\/?lang=de","title":{"rendered":"Laser-Zahnfleischbehandlung"},"content":{"rendered":"<style>.elementor-1892 .elementor-element.elementor-element-79cdbf8 > .elementor-container{max-width:1170px;}.elementor-1892 .elementor-element.elementor-element-79cdbf8:not(.elementor-motion-effects-element-type-background), .elementor-1892 .elementor-element.elementor-element-79cdbf8 > .elementor-motion-effects-container > .elementor-motion-effects-layer{background-color:#000000;background-image:url(\"https:\/\/rocdentalturkey.com\/wp-content\/uploads\/2025\/03\/advice-of-dentist.jpg\");background-position:0px 65%;background-size:cover;}.elementor-1892 .elementor-element.elementor-element-79cdbf8 > .elementor-background-overlay{background-color:#000000;opacity:0.8;transition:background 0.3s, border-radius 0.3s, opacity 0.3s;}.elementor-1892 .elementor-element.elementor-element-79cdbf8{transition:background 0.3s, border 0.3s, border-radius 0.3s, box-shadow 0.3s;margin-top:0px;margin-bottom:0px;padding:140px 0px 140px 0px;}.elementor-1892 .elementor-element.elementor-element-03db280.elementor-column > .elementor-widget-wrap{justify-content:center;}.elementor-1892 .elementor-element.elementor-element-1cbd7cc{text-align:center;}.elementor-1892 .elementor-element.elementor-element-1cbd7cc .elementor-heading-title{font-family:\"Montserrat\", Sans-serif;font-size:32px;font-weight:700;text-transform:uppercase;line-height:1.2em;color:var( --e-global-color-c3e5fb3 );}.elementor-1892 .elementor-element.elementor-element-7adc2ab{--display:flex;--flex-direction:column;--container-widget-width:100%;--container-widget-height:initial;--container-widget-flex-grow:0;--container-widget-align-self:initial;--flex-wrap-mobile:wrap;--margin-top:60px;--margin-bottom:0px;--margin-left:0px;--margin-right:0px;}.elementor-1892 .elementor-element.elementor-element-85d231f{--display:flex;--flex-direction:row;--container-widget-width:initial;--container-widget-height:100%;--container-widget-flex-grow:1;--container-widget-align-self:stretch;--flex-wrap-mobile:wrap;--gap:0px 0px;--row-gap:0px;--column-gap:0px;--margin-top:20px;--margin-bottom:0px;--margin-left:0px;--margin-right:0px;}.elementor-1892 .elementor-element.elementor-element-48efdf4{--display:flex;--flex-direction:column;--container-widget-width:100%;--container-widget-height:initial;--container-widget-flex-grow:0;--container-widget-align-self:initial;--flex-wrap-mobile:wrap;}.elementor-1892 .elementor-element.elementor-element-3b80c80 .elementor-heading-title{font-family:\"Montserrat\", Sans-serif;font-size:14px;font-weight:600;text-transform:uppercase;line-height:1em;letter-spacing:1.5px;color:#20BBE4;}.elementor-1892 .elementor-element.elementor-element-61d45bb{text-align:start;}.elementor-1892 .elementor-element.elementor-element-61d45bb .elementor-heading-title{font-family:\"Montserrat\", Sans-serif;font-size:32px;font-weight:700;line-height:1.2em;color:var( --e-global-color-primary );}.elementor-1892 .elementor-element.elementor-element-6ce5412{--display:flex;--flex-direction:column;--container-widget-width:calc( ( 1 - var( --container-widget-flex-grow ) ) * 100% );--container-widget-height:initial;--container-widget-flex-grow:0;--container-widget-align-self:initial;--flex-wrap-mobile:wrap;--align-items:flex-end;}.elementor-1892 .elementor-element.elementor-element-90b9581 .elementor-button{font-family:var( --e-global-typography-9feda6e-font-family ), Sans-serif;font-size:var( --e-global-typography-9feda6e-font-size );font-weight:var( --e-global-typography-9feda6e-font-weight );text-transform:var( --e-global-typography-9feda6e-text-transform );line-height:var( --e-global-typography-9feda6e-line-height );letter-spacing:var( --e-global-typography-9feda6e-letter-spacing );word-spacing:var( --e-global-typography-9feda6e-word-spacing );fill:var( --e-global-color-c3e5fb3 );color:var( --e-global-color-c3e5fb3 );background-color:#20BBE4;border-radius:20px 20px 3px 3px;padding:20px 40px 20px 40px;}.elementor-1892 .elementor-element.elementor-element-90b9581 .elementor-button:hover, .elementor-1892 .elementor-element.elementor-element-90b9581 .elementor-button:focus{color:#20BBE4;background-color:var( --e-global-color-c3e5fb3 );}.elementor-1892 .elementor-element.elementor-element-90b9581 .elementor-button:hover svg, .elementor-1892 .elementor-element.elementor-element-90b9581 .elementor-button:focus svg{fill:#20BBE4;}.elementor-1892 .elementor-element.elementor-element-90b9581 > .elementor-widget-container{margin:20px 0px 0px 0px;}.elementor-1892 .elementor-element.elementor-element-0a93c6b{--display:flex;--flex-direction:column;--container-widget-width:100%;--container-widget-height:initial;--container-widget-flex-grow:0;--container-widget-align-self:initial;--flex-wrap-mobile:wrap;--margin-top:0px;--margin-bottom:50px;--margin-left:0px;--margin-right:0px;}.elementor-1892 .elementor-element.elementor-element-896b085{--divider-border-style:solid;--divider-color:#F7F7F7;--divider-border-width:1px;}.elementor-1892 .elementor-element.elementor-element-896b085 .elementor-divider-separator{width:100%;}.elementor-1892 .elementor-element.elementor-element-896b085 .elementor-divider{padding-block-start:2px;padding-block-end:2px;}.elementor-1892 .elementor-element.elementor-element-7f4c46a{font-family:\"Montserrat\", Sans-serif;font-size:16px;font-weight:400;line-height:1.5em;color:var( --e-global-color-text );}@media(min-width:768px){.elementor-1892 .elementor-element.elementor-element-48efdf4{--width:66.6666%;}.elementor-1892 .elementor-element.elementor-element-6ce5412{--width:33.3333%;}}@media(max-width:1024px){.elementor-1892 .elementor-element.elementor-element-79cdbf8:not(.elementor-motion-effects-element-type-background), .elementor-1892 .elementor-element.elementor-element-79cdbf8 > .elementor-motion-effects-container > .elementor-motion-effects-layer{background-position:0px 0px;}.elementor-1892 .elementor-element.elementor-element-79cdbf8{padding:120px 10px 120px 10px;}.elementor-1892 .elementor-element.elementor-element-90b9581 .elementor-button{font-size:var( --e-global-typography-9feda6e-font-size );line-height:var( --e-global-typography-9feda6e-line-height );letter-spacing:var( --e-global-typography-9feda6e-letter-spacing );word-spacing:var( --e-global-typography-9feda6e-word-spacing );}}@media(max-width:767px){.elementor-1892 .elementor-element.elementor-element-79cdbf8:not(.elementor-motion-effects-element-type-background), .elementor-1892 .elementor-element.elementor-element-79cdbf8 > .elementor-motion-effects-container > .elementor-motion-effects-layer{background-position:0px 0px;}.elementor-1892 .elementor-element.elementor-element-79cdbf8{padding:80px 10px 80px 10px;}.elementor-1892 .elementor-element.elementor-element-1cbd7cc .elementor-heading-title{font-size:24px;}.elementor-1892 .elementor-element.elementor-element-3b80c80 .elementor-heading-title{font-size:14px;}.elementor-1892 .elementor-element.elementor-element-61d45bb .elementor-heading-title{font-size:24px;}.elementor-1892 .elementor-element.elementor-element-90b9581 .elementor-button{font-size:var( --e-global-typography-9feda6e-font-size );line-height:var( --e-global-typography-9feda6e-line-height );letter-spacing:var( --e-global-typography-9feda6e-letter-spacing );word-spacing:var( --e-global-typography-9feda6e-word-spacing );}.elementor-1892 .elementor-element.elementor-element-7f4c46a{font-size:14px;}}<\/style>\t\t<div data-elementor-type=\"wp-page\" data-elementor-id=\"1892\" class=\"elementor elementor-1892 elementor-231\" data-elementor-post-type=\"page\">\n\t\t\t\t\t\t<section class=\"elementor-section elementor-top-section elementor-element elementor-element-79cdbf8 elementor-section-boxed elementor-section-height-default elementor-section-height-default\" data-id=\"79cdbf8\" data-element_type=\"section\" data-e-type=\"section\" data-settings=\"{&quot;background_background&quot;:&quot;classic&quot;}\">\n\t\t\t\t\t\t\t<div class=\"elementor-background-overlay\"><\/div>\n\t\t\t\t\t\t\t<div class=\"elementor-container elementor-column-gap-default\">\n\t\t\t\t\t<div class=\"elementor-column elementor-col-100 elementor-top-column elementor-element elementor-element-03db280\" data-id=\"03db280\" data-element_type=\"column\" data-e-type=\"column\">\n\t\t\t<div class=\"elementor-widget-wrap elementor-element-populated\">\n\t\t\t\t\t\t<div class=\"elementor-element elementor-element-1cbd7cc elementor-widget elementor-widget-heading\" data-id=\"1cbd7cc\" data-element_type=\"widget\" data-e-type=\"widget\" data-widget_type=\"heading.default\">\n\t\t\t\t<div class=\"elementor-widget-container\">\n\t\t\t\t\t<h2 class=\"elementor-heading-title elementor-size-default\">Laser-Zahnfleischbehandlung<\/h2>\t\t\t\t<\/div>\n\t\t\t\t<\/div>\n\t\t\t\t\t<\/div>\n\t\t<\/div>\n\t\t\t\t\t<\/div>\n\t\t<\/section>\n\t\t<div class=\"elementor-element elementor-element-7adc2ab e-flex e-con-boxed e-con e-parent\" data-id=\"7adc2ab\" data-element_type=\"container\" data-e-type=\"container\">\n\t\t\t\t\t<div class=\"e-con-inner\">\n\t\t\t\t<div class=\"elementor-element elementor-element-e18c14c elementor-widget elementor-widget-image\" data-id=\"e18c14c\" data-element_type=\"widget\" data-e-type=\"widget\" data-widget_type=\"image.default\">\n\t\t\t\t<div class=\"elementor-widget-container\">\n\t\t\t\t\t\t\t\t\t\t\t\t\t\t\t<img decoding=\"async\" src=\"https:\/\/rocdentalturkey.com\/wp-content\/uploads\/elementor\/thumbs\/laser-gum-treatment-r4e1dccl8xg67m9h4u5hs5b749galx57jm1mb5moak.jpg\" title=\"Woman Having Dental Checkup With Ultraviolet Light\" alt=\"Closeup of young woman having her teeth whitened with ultraviolet light in a dental clinic\" loading=\"lazy\" \/>\t\t\t\t\t\t\t\t\t\t\t\t\t\t\t<\/div>\n\t\t\t\t<\/div>\n\t\t\t\t\t<\/div>\n\t\t\t\t<\/div>\n\t\t<div class=\"elementor-element elementor-element-85d231f e-flex e-con-boxed e-con e-parent\" data-id=\"85d231f\" data-element_type=\"container\" data-e-type=\"container\">\n\t\t\t\t\t<div class=\"e-con-inner\">\n\t\t<div class=\"elementor-element elementor-element-48efdf4 e-con-full e-flex e-con e-child\" data-id=\"48efdf4\" data-element_type=\"container\" data-e-type=\"container\">\n\t\t\t\t<div class=\"elementor-element elementor-element-3b80c80 animated-slow elementor-invisible elementor-widget elementor-widget-heading\" data-id=\"3b80c80\" data-element_type=\"widget\" data-e-type=\"widget\" data-settings=\"{&quot;_animation&quot;:&quot;fadeInRight&quot;}\" data-widget_type=\"heading.default\">\n\t\t\t\t<div class=\"elementor-widget-container\">\n\t\t\t\t\t<h5 class=\"elementor-heading-title elementor-size-default\">roc cl\u0131n\u0131c<\/h5>\t\t\t\t<\/div>\n\t\t\t\t<\/div>\n\t\t\t\t<div class=\"elementor-element elementor-element-61d45bb elementor-widget elementor-widget-heading\" data-id=\"61d45bb\" data-element_type=\"widget\" data-e-type=\"widget\" data-widget_type=\"heading.default\">\n\t\t\t\t<div class=\"elementor-widget-container\">\n\t\t\t\t\t<h2 class=\"elementor-heading-title elementor-size-default\">Laser-Zahnfleischbehandlung<\/h2>\t\t\t\t<\/div>\n\t\t\t\t<\/div>\n\t\t\t\t<\/div>\n\t\t<div class=\"elementor-element elementor-element-6ce5412 e-con-full e-flex e-con e-child\" data-id=\"6ce5412\" data-element_type=\"container\" data-e-type=\"container\">\n\t\t\t\t<div class=\"elementor-element elementor-element-90b9581 elementor-align-center elementor-widget elementor-widget-button\" data-id=\"90b9581\" data-element_type=\"widget\" data-e-type=\"widget\" data-widget_type=\"button.default\">\n\t\t\t\t<div class=\"elementor-widget-container\">\n\t\t\t\t\t\t\t\t\t<div class=\"elementor-button-wrapper\">\n\t\t\t\t\t<a class=\"elementor-button elementor-button-link elementor-size-sm elementor-animation-float\" href=\"https:\/\/rocdentalturkey.com\/index.php\/contact-us\/\">\n\t\t\t\t\t\t<span class=\"elementor-button-content-wrapper\">\n\t\t\t\t\t\t\t\t\t<span class=\"elementor-button-text\">Kontaktieren Sie uns<\/span>\n\t\t\t\t\t<\/span>\n\t\t\t\t\t<\/a>\n\t\t\t\t<\/div>\n\t\t\t\t\t\t\t\t<\/div>\n\t\t\t\t<\/div>\n\t\t\t\t<\/div>\n\t\t\t\t\t<\/div>\n\t\t\t\t<\/div>\n\t\t<div class=\"elementor-element elementor-element-0a93c6b e-flex e-con-boxed e-con e-parent\" data-id=\"0a93c6b\" data-element_type=\"container\" data-e-type=\"container\">\n\t\t\t\t\t<div class=\"e-con-inner\">\n\t\t\t\t<div class=\"elementor-element elementor-element-896b085 elementor-widget-divider--view-line elementor-widget elementor-widget-divider\" data-id=\"896b085\" data-element_type=\"widget\" data-e-type=\"widget\" data-widget_type=\"divider.default\">\n\t\t\t\t<div class=\"elementor-widget-container\">\n\t\t\t\t\t\t\t<div class=\"elementor-divider\">\n\t\t\t<span class=\"elementor-divider-separator\">\n\t\t\t\t\t\t<\/span>\n\t\t<\/div>\n\t\t\t\t\t\t<\/div>\n\t\t\t\t<\/div>\n\t\t\t\t<div class=\"elementor-element elementor-element-7f4c46a elementor-widget elementor-widget-text-editor\" data-id=\"7f4c46a\" data-element_type=\"widget\" data-e-type=\"widget\" data-widget_type=\"text-editor.default\">\n\t\t\t\t<div class=\"elementor-widget-container\">\n\t\t\t\t\t\t\t\t\t<p data-start=\"83\" data-end=\"478\">Gesundes Zahnfleisch ist die Grundlage f\u00fcr ein sch\u00f6nes L\u00e4cheln. In der <strong data-start=\"140\" data-end=\"162\">ROC Clinic Antalya<\/strong> bieten wir eine <strong data-start=\"173\" data-end=\"196\">Laser-Zahnfleischbehandlung<\/strong> an, eine fortschrittliche, minimalinvasive L\u00f6sung f\u00fcr <strong data-start=\"243\" data-end=\"310\">Zahnfleischerkrankungen, Zahnfleischumformung und die allgemeine Verbesserung der Mundgesundheit<\/strong>. Mithilfe <strong data-start=\"318\" data-end=\"355\">modernster Lasertechnologie<\/strong> bieten wir <strong data-start=\"368\" data-end=\"416\">schmerzfreie, pr\u00e4zise und wirksame Behandlungen<\/strong>, die sowohl die Funktion als auch die \u00c4sthetik Ihres Zahnfleisches verbessern.<\/p>\n<h4 data-start=\"480\" data-end=\"519\"><strong data-start=\"485\" data-end=\"517\">Was ist eine Laser-Zahnfleischbehandlung?<\/strong><\/h4>\n<p data-start=\"520\" data-end=\"802\">Bei der Laser-Zahnfleischbehandlung wird <strong data-start=\"560\" data-end=\"591\">hochkonzentrierte Laserenergie<\/strong> eingesetzt, um verschiedene Zahnfleischerkrankungen zu behandeln, ohne dass <strong data-start=\"645\" data-end=\"669\">Skalpelle oder N\u00e4hte<\/strong> erforderlich sind. Dieser innovative Ansatz gew\u00e4hrleistet eine <strong data-start=\"704\" data-end=\"763\">schnellere Heilung, weniger Beschwerden und verbesserte Pr\u00e4zision<\/strong> im Vergleich zur herk\u00f6mmlichen Zahnfleischchirurgie.<\/p>\n<h4 data-start=\"804\" data-end=\"857\"><strong data-start=\"809\" data-end=\"855\">Mit der Laser-Zahnfleischtherapie behandelte Erkrankungen:<\/strong><\/h4>\n<p data-start=\"858\" data-end=\"1439\">\u2714 <strong data-start=\"860\" data-end=\"904\">Zahnfleischerkrankungen (Parodontitis und Gingivitis)<\/strong> \u2013 Entfernt <strong data-start=\"915\" data-end=\"947\">Bakterien und infiziertes Gewebe<\/strong> und stimuliert gleichzeitig die Heilung.<br data-start=\"974\" data-end=\"977\" \/>\u2714 <strong data-start=\"979\" data-end=\"1028\">Zahnfleischumformung &#038; Zahnfleischkonturierung)<\/strong> \u2013 Formt \u00fcbersch\u00fcssiges oder ungleichm\u00e4\u00dfiges Zahnfleisch neu und sorgt f\u00fcr ein <strong data-start=\"1076\" data-end=\"1094\">ausgeglicheneres L\u00e4cheln<\/strong>.<br data-start=\"1095\" data-end=\"1098\" \/>\u2714 <strong data-start=\"1100\" data-end=\"1126\">Korrektur des Zahnfleischl\u00e4chelns<\/strong> \u2013 Reduziert die Sichtbarkeit des Zahnfleisches f\u00fcr ein <strong data-start=\"1168\" data-end=\"1201\">harmonischeres Verh\u00e4ltnis von Zahnfleisch zu Z\u00e4hnen<\/strong>.<br data-start=\"1202\" data-end=\"1205\" \/>\u2714 <strong data-start=\"1207\" data-end=\"1255\" data-is-only-node=\"\">Frenektomie (Zungen- &#038; Lippenb\u00e4ndchenkorrektur)<\/strong> \u2013 L\u00f6st einschr\u00e4nkendes Mundgewebe und verbessert <strong data-start=\"1303\" data-end=\"1326\">Sprache und Funktion<\/strong>.<br data-start=\"1327\" data-end=\"1330\" \/>\u2714 <strong data-start=\"1332\" data-end=\"1353\">Kronenverl\u00e4ngerung<\/strong> \u2013 Legt mehr von der Zahnstruktur frei f\u00fcr <strong data-start=\"1396\" data-end=\"1436\">restaurative oder kosmetische Verbesserungen<\/strong>.<\/p>\n<h4 data-start=\"1441\" data-end=\"1483\"><strong data-start=\"1446\" data-end=\"1481\">Vorteile der Laser-Zahnfleischbehandlung<\/strong><\/h4>\n<p data-start=\"1484\" data-end=\"2074\">\u2714 <strong data-start=\"1486\" data-end=\"1520\">Schmerzfrei &amp; Minimalinvasiv<\/strong> \u2013 Keine Skalpelle, keine N\u00e4hte und minimale Blutungen.<br data-start=\"1570\" data-end=\"1573\" \/>\u2714 <strong data-start=\"1575\" data-end=\"1604\">Schnellere Heilung und Genesung<\/strong> \u2013 Die Lasertechnologie f\u00f6rdert die nat\u00fcrliche <strong data-start=\"1641\" data-end=\"1664\">Geweberegeneration<\/strong>.<br data-start=\"1665\" data-end=\"1668\" \/>\u2714 <strong data-start=\"1670\" data-end=\"1693\">Pr\u00e4zise und effektiv<\/strong> \u2013 Zielt nur auf den betroffenen Bereich und erh\u00e4lt gesundes Gewebe.<br data-start=\"1754\" data-end=\"1757\" \/>\u2714 <strong data-start=\"1759\" data-end=\"1791\">Reduziert Bakterien und Infektion<\/strong> \u2013 Beseitigt wirksam sch\u00e4dliche Bakterien, um das Fortschreiten von Zahnfleischerkrankungen zu verhindern.<br data-start=\"1869\" data-end=\"1872\" \/>\u2714 <strong data-start=\"1874\" data-end=\"1901\">Verbessert die Zahnfleisch\u00e4sthetik<\/strong> \u2013 Sorgt f\u00fcr ein <strong data-start=\"1919\" data-end=\"1950\">proportionaleres und attraktiveres<\/strong> L\u00e4cheln.<br data-start=\"1957\" data-end=\"1960\" \/>\u2714 <strong data-start=\"1962\" data-end=\"1984\">Sicher &amp; Komfortabel<\/strong> \u2013 Geeignet f\u00fcr Patienten mit <strong data-start=\"2014\" data-end=\"2032\">Zahnarztangst<\/strong> aufgrund der sanften, nicht-invasiven Natur.<\/p>\n<h4 data-start=\"2076\" data-end=\"2117\"><strong data-start=\"2081\" data-end=\"2115\">Warum die ROC Clinic Antalya w\u00e4hlen?<\/strong><\/h4>\n<p data-start=\"2118\" data-end=\"2432\">In der <strong data-start=\"2121\" data-end=\"2143\">ROC Clinic Antalya<\/strong> sind wir auf <strong data-start=\"2162\" data-end=\"2190\">fortgeschrittene Laserzahnheilkunde<\/strong> spezialisiert und bieten <strong data-start=\"2202\" data-end=\"2237\">modernste Zahnfleischbehandlungen<\/strong> in einer <strong data-start=\"2243\" data-end=\"2281\">komfortablen, schmerzfreie Umgebung<\/strong>. Unsere international ausgebildeten Spezialisten verwenden die neueste <strong data-start=\"2338\" data-end=\"2358\">Lasertechnologie<\/strong>, um <strong data-start=\"2370\" data-end=\"2429\">au\u00dfergew\u00f6hnliche Pr\u00e4zision, Sicherheit und langanhaltende Ergebnisse<\/strong> zu erzielen.<\/p>\n<p data-start=\"2434\" data-end=\"2692\">Vor allem glauben wir, dass <strong data-start=\"2468\" data-end=\"2512\">erstklassige Zahnpflege erschwinglich sein sollte<\/strong>. Im Gegensatz zu vielen Kliniken, die \u00fcberh\u00f6hte Geb\u00fchren verlangen, bieten wir <strong data-start=\"2571\" data-end=\"2630\">hochwertige Laser-Zahnfleischbehandlungen zu wettbewerbsf\u00e4higen Preisen<\/strong>, wodurch <strong data-start=\"2639\" data-end=\"2689\">gesundes, sch\u00f6nes Zahnfleisch f\u00fcr jeden erreichbar ist<\/strong>.<\/p>\n<h4 data-start=\"2694\" data-end=\"2749\" data-is-last-node=\"\" data-is-only-node=\"\">**Stellen Sie die Gesundheit Ihres Zahnfleisches wieder her &amp; L\u00e4cheln Sie selbstbewusst!<\/h4>\n<p>Wenn Sie an einer <strong data-start=\"2766\" data-end=\"2816\">Zahnfleischerkrankung, ungleichm\u00e4\u00dfigem Zahnfleisch oder \u00fcbersch\u00fcssigem Zahnfleischgewebe<\/strong> leiden, ist die <strong data-start=\"2818\" data-end=\"2863\">Laser-Zahnfleischbehandlung in der ROC Clinic Antalya<\/strong> der <strong data-start=\"2871\" data-end=\"2910\">schnellste, sicherste und effektivste<\/strong> Weg zu einem <strong data-start=\"2928\" data-end=\"2964\">ges\u00fcnderen und attraktiveren L\u00e4cheln<\/strong>. <strong data-start=\"2966\" data-end=\"3037\" data-is-last-node=\"\">Buchen Sie noch heute Ihren Beratungstermin und erleben Sie die Zukunft der Zahnfleischpflege!<\/strong><\/p>\n\t\t\t\t\t\t\t\t<\/div>\n\t\t\t\t<\/div>\n\t\t\t\t\t<\/div>\n\t\t\t\t<\/div>\n\t\t\t\t<\/div>\n\t\t","protected":false},"excerpt":{"rendered":"<p>Laser-Zahnfleischbehandlung roc cl\u0131n\u0131c Laser-Zahnfleischbehandlung Kontaktieren Sie uns Gesundes Zahnfleisch ist die Grundlage f\u00fcr ein sch\u00f6nes L\u00e4cheln. In der ROC Clinic Antalya bieten wir eine Laser-Zahnfleischbehandlung an, eine fortschrittliche, minimalinvasive L\u00f6sung f\u00fcr Zahnfleischerkrankungen, Zahnfleischumformung und die allgemeine Verbesserung der Mundgesundheit. Mithilfe modernster Lasertechnologie bieten wir schmerzfreie, pr\u00e4zise und wirksame Behandlungen, die sowohl die Funktion als auch [&hellip;]<\/p>\n","protected":false},"author":1,"featured_media":0,"parent":0,"menu_order":0,"comment_status":"closed","ping_status":"closed","template":"elementor_header_footer","meta":{"footnotes":""},"class_list":["post-1892","page","type-page","status-publish","hentry"],"_links":{"self":[{"href":"https:\/\/rocdentalturkey.com\/index.php\/wp-json\/wp\/v2\/pages\/1892","targetHints":{"allow":["GET"]}}],"collection":[{"href":"https:\/\/rocdentalturkey.com\/index.php\/wp-json\/wp\/v2\/pages"}],"about":[{"href":"https:\/\/rocdentalturkey.com\/index.php\/wp-json\/wp\/v2\/types\/page"}],"author":[{"embeddable":true,"href":"https:\/\/rocdentalturkey.com\/index.php\/wp-json\/wp\/v2\/users\/1"}],"replies":[{"embeddable":true,"href":"https:\/\/rocdentalturkey.com\/index.php\/wp-json\/wp\/v2\/comments?post=1892"}],"version-history":[{"count":1,"href":"https:\/\/rocdentalturkey.com\/index.php\/wp-json\/wp\/v2\/pages\/1892\/revisions"}],"predecessor-version":[{"id":1893,"href":"https:\/\/rocdentalturkey.com\/index.php\/wp-json\/wp\/v2\/pages\/1892\/revisions\/1893"}],"wp:attachment":[{"href":"https:\/\/rocdentalturkey.com\/index.php\/wp-json\/wp\/v2\/media?parent=1892"}],"curies":[{"name":"wp","href":"https:\/\/api.w.org\/{rel}","templated":true}]}}