{"id":1770,"date":"2025-03-18T13:51:53","date_gmt":"2025-03-18T13:51:53","guid":{"rendered":"https:\/\/rocdentalturkey.com\/index.php\/periodontoloji-ve-periodontal-hastaliklar\/"},"modified":"2025-08-27T14:07:43","modified_gmt":"2025-08-27T14:07:43","slug":"periodontoloji-ve-periodontal-hastaliklar","status":"publish","type":"page","link":"https:\/\/rocdentalturkey.com\/index.php\/periodontoloji-ve-periodontal-hastaliklar\/?lang=tr","title":{"rendered":"Periodontoloji ve Periodontal Hastal\u0131klar"},"content":{"rendered":"<style>.elementor-1770 .elementor-element.elementor-element-79cdbf8 > .elementor-container{max-width:1170px;}.elementor-1770 .elementor-element.elementor-element-79cdbf8:not(.elementor-motion-effects-element-type-background), .elementor-1770 .elementor-element.elementor-element-79cdbf8 > .elementor-motion-effects-container > .elementor-motion-effects-layer{background-color:#000000;background-image:url(\"https:\/\/rocdentalturkey.com\/wp-content\/uploads\/2025\/03\/advice-of-dentist.jpg\");background-position:0px 65%;background-size:cover;}.elementor-1770 .elementor-element.elementor-element-79cdbf8 > .elementor-background-overlay{background-color:#000000;opacity:0.8;transition:background 0.3s, border-radius 0.3s, opacity 0.3s;}.elementor-1770 .elementor-element.elementor-element-79cdbf8{transition:background 0.3s, border 0.3s, border-radius 0.3s, box-shadow 0.3s;margin-top:0px;margin-bottom:0px;padding:140px 0px 140px 0px;}.elementor-1770 .elementor-element.elementor-element-03db280.elementor-column > .elementor-widget-wrap{justify-content:center;}.elementor-1770 .elementor-element.elementor-element-1cbd7cc{text-align:center;}.elementor-1770 .elementor-element.elementor-element-1cbd7cc .elementor-heading-title{font-family:\"Montserrat\", Sans-serif;font-size:32px;font-weight:700;text-transform:uppercase;line-height:1.2em;color:var( --e-global-color-c3e5fb3 );}.elementor-1770 .elementor-element.elementor-element-7adc2ab{--display:flex;--flex-direction:column;--container-widget-width:100%;--container-widget-height:initial;--container-widget-flex-grow:0;--container-widget-align-self:initial;--flex-wrap-mobile:wrap;--margin-top:60px;--margin-bottom:0px;--margin-left:0px;--margin-right:0px;}.elementor-1770 .elementor-element.elementor-element-85d231f{--display:flex;--flex-direction:row;--container-widget-width:initial;--container-widget-height:100%;--container-widget-flex-grow:1;--container-widget-align-self:stretch;--flex-wrap-mobile:wrap;--gap:0px 0px;--row-gap:0px;--column-gap:0px;--margin-top:20px;--margin-bottom:0px;--margin-left:0px;--margin-right:0px;}.elementor-1770 .elementor-element.elementor-element-48efdf4{--display:flex;--flex-direction:column;--container-widget-width:100%;--container-widget-height:initial;--container-widget-flex-grow:0;--container-widget-align-self:initial;--flex-wrap-mobile:wrap;}.elementor-1770 .elementor-element.elementor-element-3b80c80 .elementor-heading-title{font-family:\"Montserrat\", Sans-serif;font-size:14px;font-weight:600;text-transform:uppercase;line-height:1em;letter-spacing:1.5px;color:#20BBE4;}.elementor-1770 .elementor-element.elementor-element-61d45bb{text-align:start;}.elementor-1770 .elementor-element.elementor-element-61d45bb .elementor-heading-title{font-family:\"Montserrat\", Sans-serif;font-size:32px;font-weight:700;line-height:1.2em;color:var( --e-global-color-primary );}.elementor-1770 .elementor-element.elementor-element-6ce5412{--display:flex;--flex-direction:column;--container-widget-width:calc( ( 1 - var( --container-widget-flex-grow ) ) * 100% );--container-widget-height:initial;--container-widget-flex-grow:0;--container-widget-align-self:initial;--flex-wrap-mobile:wrap;--align-items:flex-end;}.elementor-1770 .elementor-element.elementor-element-90b9581 .elementor-button{font-family:var( --e-global-typography-9feda6e-font-family ), Sans-serif;font-size:var( --e-global-typography-9feda6e-font-size );font-weight:var( --e-global-typography-9feda6e-font-weight );text-transform:var( --e-global-typography-9feda6e-text-transform );line-height:var( --e-global-typography-9feda6e-line-height );letter-spacing:var( --e-global-typography-9feda6e-letter-spacing );word-spacing:var( --e-global-typography-9feda6e-word-spacing );fill:var( --e-global-color-c3e5fb3 );color:var( --e-global-color-c3e5fb3 );background-color:#20BBE4;border-radius:20px 20px 3px 3px;padding:20px 40px 20px 40px;}.elementor-1770 .elementor-element.elementor-element-90b9581 .elementor-button:hover, .elementor-1770 .elementor-element.elementor-element-90b9581 .elementor-button:focus{color:#20BBE4;background-color:var( --e-global-color-c3e5fb3 );}.elementor-1770 .elementor-element.elementor-element-90b9581 .elementor-button:hover svg, .elementor-1770 .elementor-element.elementor-element-90b9581 .elementor-button:focus svg{fill:#20BBE4;}.elementor-1770 .elementor-element.elementor-element-90b9581 > .elementor-widget-container{margin:20px 0px 0px 0px;}.elementor-1770 .elementor-element.elementor-element-0a93c6b{--display:flex;--flex-direction:column;--container-widget-width:100%;--container-widget-height:initial;--container-widget-flex-grow:0;--container-widget-align-self:initial;--flex-wrap-mobile:wrap;--margin-top:0px;--margin-bottom:50px;--margin-left:0px;--margin-right:0px;}.elementor-1770 .elementor-element.elementor-element-896b085{--divider-border-style:solid;--divider-color:#F7F7F7;--divider-border-width:1px;}.elementor-1770 .elementor-element.elementor-element-896b085 .elementor-divider-separator{width:100%;}.elementor-1770 .elementor-element.elementor-element-896b085 .elementor-divider{padding-block-start:2px;padding-block-end:2px;}.elementor-1770 .elementor-element.elementor-element-7f4c46a{font-family:\"Montserrat\", Sans-serif;font-size:16px;font-weight:400;line-height:1.5em;color:var( --e-global-color-text );}@media(min-width:768px){.elementor-1770 .elementor-element.elementor-element-48efdf4{--width:66.6666%;}.elementor-1770 .elementor-element.elementor-element-6ce5412{--width:33.3333%;}}@media(max-width:1024px){.elementor-1770 .elementor-element.elementor-element-79cdbf8:not(.elementor-motion-effects-element-type-background), .elementor-1770 .elementor-element.elementor-element-79cdbf8 > .elementor-motion-effects-container > .elementor-motion-effects-layer{background-position:0px 0px;}.elementor-1770 .elementor-element.elementor-element-79cdbf8{padding:120px 10px 120px 10px;}.elementor-1770 .elementor-element.elementor-element-90b9581 .elementor-button{font-size:var( --e-global-typography-9feda6e-font-size );line-height:var( --e-global-typography-9feda6e-line-height );letter-spacing:var( --e-global-typography-9feda6e-letter-spacing );word-spacing:var( --e-global-typography-9feda6e-word-spacing );}}@media(max-width:767px){.elementor-1770 .elementor-element.elementor-element-79cdbf8:not(.elementor-motion-effects-element-type-background), .elementor-1770 .elementor-element.elementor-element-79cdbf8 > .elementor-motion-effects-container > .elementor-motion-effects-layer{background-position:0px 0px;}.elementor-1770 .elementor-element.elementor-element-79cdbf8{padding:80px 10px 80px 10px;}.elementor-1770 .elementor-element.elementor-element-1cbd7cc .elementor-heading-title{font-size:24px;}.elementor-1770 .elementor-element.elementor-element-3b80c80 .elementor-heading-title{font-size:14px;}.elementor-1770 .elementor-element.elementor-element-61d45bb .elementor-heading-title{font-size:24px;}.elementor-1770 .elementor-element.elementor-element-90b9581 .elementor-button{font-size:var( --e-global-typography-9feda6e-font-size );line-height:var( --e-global-typography-9feda6e-line-height );letter-spacing:var( --e-global-typography-9feda6e-letter-spacing );word-spacing:var( --e-global-typography-9feda6e-word-spacing );}.elementor-1770 .elementor-element.elementor-element-7f4c46a{font-size:14px;}}<\/style>\t\t<div data-elementor-type=\"wp-page\" data-elementor-id=\"1770\" class=\"elementor elementor-1770 elementor-235\" data-elementor-post-type=\"page\">\n\t\t\t\t\t\t<section class=\"elementor-section elementor-top-section elementor-element elementor-element-79cdbf8 elementor-section-boxed elementor-section-height-default elementor-section-height-default\" data-id=\"79cdbf8\" data-element_type=\"section\" data-e-type=\"section\" data-settings=\"{&quot;background_background&quot;:&quot;classic&quot;}\">\n\t\t\t\t\t\t\t<div class=\"elementor-background-overlay\"><\/div>\n\t\t\t\t\t\t\t<div class=\"elementor-container elementor-column-gap-default\">\n\t\t\t\t\t<div class=\"elementor-column elementor-col-100 elementor-top-column elementor-element elementor-element-03db280\" data-id=\"03db280\" data-element_type=\"column\" data-e-type=\"column\">\n\t\t\t<div class=\"elementor-widget-wrap elementor-element-populated\">\n\t\t\t\t\t\t<div class=\"elementor-element elementor-element-1cbd7cc elementor-widget elementor-widget-heading\" data-id=\"1cbd7cc\" data-element_type=\"widget\" data-e-type=\"widget\" data-widget_type=\"heading.default\">\n\t\t\t\t<div class=\"elementor-widget-container\">\n\t\t\t\t\t<h2 class=\"elementor-heading-title elementor-size-default\">Periodontoloji ve Periodontal Hastal\u0131klar<\/h2>\t\t\t\t<\/div>\n\t\t\t\t<\/div>\n\t\t\t\t\t<\/div>\n\t\t<\/div>\n\t\t\t\t\t<\/div>\n\t\t<\/section>\n\t\t<div class=\"elementor-element elementor-element-7adc2ab e-flex e-con-boxed e-con e-parent\" data-id=\"7adc2ab\" data-element_type=\"container\" data-e-type=\"container\">\n\t\t\t\t\t<div class=\"e-con-inner\">\n\t\t\t\t<div class=\"elementor-element elementor-element-e18c14c elementor-widget elementor-widget-image\" data-id=\"e18c14c\" data-element_type=\"widget\" data-e-type=\"widget\" data-widget_type=\"image.default\">\n\t\t\t\t<div class=\"elementor-widget-container\">\n\t\t\t\t\t\t\t\t\t\t\t\t\t\t\t<img decoding=\"async\" src=\"https:\/\/rocdentalturkey.com\/wp-content\/uploads\/elementor\/thumbs\/periodontology-r4e1evt2g5k38m0x504hd9be5zuy829df8j9mhcg3g.jpg\" title=\"Healthy teeth and smile. Serious doctor directly into the camera. Dentist sitting in the dentist for dental chair and holding a dental drill in hand.\" alt=\"Healthy teeth and smile. Serious doctor directly into the camera. Dentist sitting in the dentist for dental chair and holding a dental drill in hand.\" loading=\"lazy\" \/>\t\t\t\t\t\t\t\t\t\t\t\t\t\t\t<\/div>\n\t\t\t\t<\/div>\n\t\t\t\t\t<\/div>\n\t\t\t\t<\/div>\n\t\t<div class=\"elementor-element elementor-element-85d231f e-flex e-con-boxed e-con e-parent\" data-id=\"85d231f\" data-element_type=\"container\" data-e-type=\"container\">\n\t\t\t\t\t<div class=\"e-con-inner\">\n\t\t<div class=\"elementor-element elementor-element-48efdf4 e-con-full e-flex e-con e-child\" data-id=\"48efdf4\" data-element_type=\"container\" data-e-type=\"container\">\n\t\t\t\t<div class=\"elementor-element elementor-element-3b80c80 animated-slow elementor-invisible elementor-widget elementor-widget-heading\" data-id=\"3b80c80\" data-element_type=\"widget\" data-e-type=\"widget\" data-settings=\"{&quot;_animation&quot;:&quot;fadeInRight&quot;}\" data-widget_type=\"heading.default\">\n\t\t\t\t<div class=\"elementor-widget-container\">\n\t\t\t\t\t<h5 class=\"elementor-heading-title elementor-size-default\">roc poliklinik<\/h5>\t\t\t\t<\/div>\n\t\t\t\t<\/div>\n\t\t\t\t<div class=\"elementor-element elementor-element-61d45bb elementor-widget elementor-widget-heading\" data-id=\"61d45bb\" data-element_type=\"widget\" data-e-type=\"widget\" data-widget_type=\"heading.default\">\n\t\t\t\t<div class=\"elementor-widget-container\">\n\t\t\t\t\t<h2 class=\"elementor-heading-title elementor-size-default\">Periodontoloji ve Periodontal Hastal\u0131klar<\/h2>\t\t\t\t<\/div>\n\t\t\t\t<\/div>\n\t\t\t\t<\/div>\n\t\t<div class=\"elementor-element elementor-element-6ce5412 e-con-full e-flex e-con e-child\" data-id=\"6ce5412\" data-element_type=\"container\" data-e-type=\"container\">\n\t\t\t\t<div class=\"elementor-element elementor-element-90b9581 elementor-align-center elementor-widget elementor-widget-button\" data-id=\"90b9581\" data-element_type=\"widget\" data-e-type=\"widget\" data-widget_type=\"button.default\">\n\t\t\t\t<div class=\"elementor-widget-container\">\n\t\t\t\t\t\t\t\t\t<div class=\"elementor-button-wrapper\">\n\t\t\t\t\t<a class=\"elementor-button elementor-button-link elementor-size-sm elementor-animation-float\" href=\"https:\/\/rocdentalturkey.com\/index.php\/contact-us\/\">\n\t\t\t\t\t\t<span class=\"elementor-button-content-wrapper\">\n\t\t\t\t\t\t\t\t\t<span class=\"elementor-button-text\">Bize Ula\u015f\u0131n<\/span>\n\t\t\t\t\t<\/span>\n\t\t\t\t\t<\/a>\n\t\t\t\t<\/div>\n\t\t\t\t\t\t\t\t<\/div>\n\t\t\t\t<\/div>\n\t\t\t\t<\/div>\n\t\t\t\t\t<\/div>\n\t\t\t\t<\/div>\n\t\t<div class=\"elementor-element elementor-element-0a93c6b e-flex e-con-boxed e-con e-parent\" data-id=\"0a93c6b\" data-element_type=\"container\" data-e-type=\"container\">\n\t\t\t\t\t<div class=\"e-con-inner\">\n\t\t\t\t<div class=\"elementor-element elementor-element-896b085 elementor-widget-divider--view-line elementor-widget elementor-widget-divider\" data-id=\"896b085\" data-element_type=\"widget\" data-e-type=\"widget\" data-widget_type=\"divider.default\">\n\t\t\t\t<div class=\"elementor-widget-container\">\n\t\t\t\t\t\t\t<div class=\"elementor-divider\">\n\t\t\t<span class=\"elementor-divider-separator\">\n\t\t\t\t\t\t<\/span>\n\t\t<\/div>\n\t\t\t\t\t\t<\/div>\n\t\t\t\t<\/div>\n\t\t\t\t<div class=\"elementor-element elementor-element-7f4c46a elementor-widget elementor-widget-text-editor\" data-id=\"7f4c46a\" data-element_type=\"widget\" data-e-type=\"widget\" data-widget_type=\"text-editor.default\">\n\t\t\t\t<div class=\"elementor-widget-container\">\n\t\t\t\t\t\t\t\t\t<p data-start=\"99\" data-end=\"595\">Di\u015f eti sa\u011fl\u0131\u011f\u0131, g\u00fc\u00e7l\u00fc ve g\u00fczel bir g\u00fcl\u00fcmsemenin temelidir. <strong data-start=\"164\" data-end=\"186\">ROC Clinic Antalya<\/strong>&#8216;da, <strong data-start=\"205\" data-end=\"255\">Periodontoloji ve Periodontal Hastal\u0131k Tedavisi<\/strong> konusunda uzmanla\u015f\u0131yoruz ve di\u015f etiyle ilgili rahats\u0131zl\u0131klar\u0131 \u00f6nlemek, y\u00f6netmek ve tedavi etmek i\u00e7in <strong data-start=\"266\" data-end=\"308\">geli\u015fmi\u015f, minimal invaziv \u00e7\u00f6z\u00fcmler<\/strong> sunuyoruz. <strong data-start=\"391\" data-end=\"450\">Di\u015f eti kanamas\u0131, di\u015f eti \u00e7ekilmesi veya ileri periodontitis<\/strong> ya\u015f\u0131yorsan\u0131z, uzman ekibimiz <strong data-start=\"477\" data-end=\"504\">a\u011f\u0131z sa\u011fl\u0131\u011f\u0131n\u0131z\u0131 geri kazand\u0131rmak, di\u015f kayb\u0131n\u0131z\u0131 \u00f6nlemek ve g\u00fcl\u00fcmsemenizin \u00f6mr\u00fcn\u00fc uzatmak<\/strong> i\u00e7in <strong data-start=\"521\" data-end=\"592\">ki\u015fiye \u00f6zel tedaviler<\/strong> sa\u011flar.<\/p><h4 data-start=\"597\" data-end=\"638\"><strong data-start=\"602\" data-end=\"636\">Di\u015f Eti Hastal\u0131klar\u0131 Nelerdir?<\/strong><\/h4><p data-start=\"639\" data-end=\"805\">Di\u015f eti hastal\u0131klar\u0131, di\u015f etlerini etkileyen <strong data-start=\"670\" data-end=\"694\">bakteriyel enfeksiyonlard\u0131r<\/strong>. data-end=&#8221;765&#8243;&gt;di\u015f etleri, kemik ve di\u015fleri destekleyen yap\u0131lar. Tedavi edilmezlerse \u015funlara yol a\u00e7abilirler:<\/p><ul data-start=\"806\" data-end=\"1139\"><li data-start=\"806\" data-end=\"878\"><strong data-start=\"808\" data-end=\"841\">Di\u015f eti iltihab\u0131 (gingivitis)<\/strong> \u2013 K\u0131rm\u0131z\u0131, \u015fi\u015f ve kanayan di\u015f etleri.<\/li><li data-start=\"879\" data-end=\"964\"><strong data-start=\"881\" data-end=\"898\">Periodontitis<\/strong> \u2013 Di\u015f eti \u00e7ekilmesine ve kemik kayb\u0131na neden olan ileri di\u015f eti hastal\u0131\u011f\u0131.<\/li><li data-start=\"965\" data-end=\"1059\"><strong data-start=\"967\" data-end=\"994\">Di\u015f hareketlili\u011fi ve kayb\u0131<\/strong> \u2013 \u015eiddetli enfeksiyon \u00e7ene kemi\u011fini zay\u0131flatarak di\u015f kayb\u0131na yol a\u00e7ar.<\/li><li data-start=\"1060\" data-end=\"1139\"><strong data-start=\"1062\" data-end=\"1088\">K\u00f6t\u00fc nefes (halitozis)<\/strong> \u2013 Bakteriyel birikim nedeniyle olu\u015fan kal\u0131c\u0131 k\u00f6t\u00fc koku.<\/li><\/ul><h4 data-start=\"1141\" data-end=\"1191\"><strong data-start=\"1146\" data-end=\"1189\">Di\u015f Eti Hastal\u0131\u011f\u0131n\u0131z Olabilir Mi? \u0130\u015faretleri:<\/strong><\/h4><p data-start=\"1192\" data-end=\"1459\">\u2714 <strong data-start=\"1194\" data-end=\"1211\">Di\u015f f\u0131r\u00e7alarken veya di\u015f ipi kullan\u0131rken kanayan di\u015f etleri<\/strong>.<br data-start=\"1238\" data-end=\"1241\" \/>\u2714 <strong data-start=\"1243\" data-end=\"1275\">\u015ei\u015f, k\u0131rm\u0131z\u0131 veya hassas di\u015f etleri<\/strong>.<br data-start=\"1276\" data-end=\"1279\" \/>\u2714 <strong data-start=\"1281\" data-end=\"1298\">Di\u015f eti \u00e7ekilmesi<\/strong> (di\u015fler daha uzun g\u00f6r\u00fcn\u00fcr).<br data-start=\"1321\" data-end=\"1324\" \/>\u2714 <strong data-start=\"1326\" data-end=\"1353\">Gev\u015fek veya kayan di\u015fler<\/strong>.<br data-start=\"1354\" data-end=\"1357\" \/>\u2714 <strong data-start=\"1359\" data-end=\"1410\">A\u011f\u0131zda s\u00fcrekli k\u00f6t\u00fc nefes veya k\u00f6t\u00fc tat<\/strong>.<br data-start=\"1411\" data-end=\"1414\" \/>\u2714 <strong data-start=\"1416\" data-end=\"1456\">Di\u015fler ve di\u015f etleri aras\u0131nda iltihap olu\u015fumu<\/strong>.<\/p><p data-start=\"1461\" data-end=\"1592\">E\u011fer Bu belirtilerden herhangi birini ya\u015farsan\u0131z, daha fazla hasar\u0131 \u00f6nlemek i\u00e7in derhal <strong data-start=\"1520\" data-end=\"1563\">profesyonel tedaviye ba\u015fvurman\u0131z<\/strong> \u00f6nemlidir.<\/p><h4 data-start=\"1594\" data-end=\"1650\"><strong data-start=\"1599\" data-end=\"1648\">ROC Clinic Antalya&#8217;da Periodontal Tedaviler:<\/strong><\/h4><p data-start=\"1651\" data-end=\"2215\">\u2714 <strong data-start=\"1653\" data-end=\"1695\">Di\u015f Ta\u015f\u0131 Temizli\u011fi ve K\u00f6k D\u00fczle\u015ftirme (Derin Temizlik)<\/strong> \u2013 Di\u015f eti \u00e7izgisinin alt\u0131ndan plak ve bakterileri temizler.<br data-start=\"1751\" data-end=\"1754\" \/>\u2714 <strong data-start=\"1756\" data-end=\"1777\">Lazer Di\u015f Eti Terapisi<\/strong> \u2013 Enfeksiyonu ortadan kald\u0131rmak ve iyile\u015fmeyi te\u015fvik etmek i\u00e7in minimal invaziv lazer tedavisi.<br data-start=\"1860\" data-end=\"1863\" \/>\u2714 <strong data-start=\"1865\" data-end=\"1881\">Di\u015f Eti Greftleme<\/strong> \u2013 Kay\u0131p dokuyu geri kazand\u0131rarak <strong data-start=\"1891\" data-end=\"1908\">geri \u00e7ekilen di\u015f etlerini<\/strong> tedavi eder.<br data-start=\"1934\" data-end=\"1937\" \/>\u2714 <strong data-start=\"1939\" data-end=\"1967\">Cep K\u00fc\u00e7\u00fcltme Ameliyat\u0131<\/strong> \u2013 Derin di\u015f eti ceplerini daha fazla enfeksiyonu \u00f6nlemek i\u00e7in.<br data-start=\"2024\" data-end=\"2027\" \/>\u2714 <strong data-start=\"2029\" data-end=\"2059\">K\u0131lavuzlu Doku Yenilenmesi<\/strong> \u2013 Di\u015f eti hastal\u0131\u011f\u0131ndan etkilenen b\u00f6lgelerde kemik yeniden b\u00fcy\u00fcmesini uyar\u0131r.<br data-start=\"2120\" data-end=\"2123\" \/>\u2714 <strong data-start=\"2125\" data-end=\"2158\">Bak\u0131m ve \u00d6nleyici Bak\u0131m<\/strong> \u2013 Di\u015f etlerini sa\u011fl\u0131kl\u0131 tutmak i\u00e7in d\u00fczenli profesyonel temizlikler.<\/p><h4 data-start=\"2217\" data-end=\"2262\"><strong data-start=\"2222\" data-end=\"2260\">Periodontal Tedavinin Faydalar\u0131:<\/strong><\/h4><p data-start=\"2263\" data-end=\"2664\">\u2714 <strong data-start=\"2265\" data-end=\"2298\">Di\u015f Eti Hastal\u0131\u011f\u0131n\u0131n \u0130lerlemesini Durdurur<\/strong> \u2013 Daha fazla hasar\u0131 ve di\u015f kayb\u0131n\u0131 \u00f6nler.<br data-start=\"2340\" data-end=\"2343\" \/>\u2714 <strong data-start=\"2345\" data-end=\"2368\">Di\u015f Eti Sa\u011fl\u0131\u011f\u0131n\u0131 Geri Kazand\u0131r\u0131r<\/strong> \u2013 \u0130ltihab\u0131 azalt\u0131r ve di\u015f eti dokusunu g\u00fc\u00e7lendirir.<br data-start=\"2419\" data-end=\"2422\" \/>\u2714 <strong data-start=\"2424\" data-end=\"2446\">Kemik Kayb\u0131n\u0131 \u00d6nler<\/strong> \u2013 \u00c7ene kemi\u011fini bozulmaya kar\u015f\u0131 korur.<br data-start=\"2489\" data-end=\"2492\" \/>\u2714 <strong data-start=\"2494\" data-end=\"2519\">K\u00f6t\u00fc Nefesi Yok Eder<\/strong> \u2013 Taze bir nefes i\u00e7in enfeksiyon ve bakteri birikimini ortadan kald\u0131r\u0131r.<br data-start=\"2579\" data-end=\"2582\" \/>\u2714 <strong data-start=\"2584\" data-end=\"2613\">G\u00fcl\u00fc\u015f Esteti\u011fini Geli\u015ftirir<\/strong> \u2013 <strong data-start=\"2623\" data-end=\"2661\">\u00c7ekilen di\u015f etlerini ve d\u00fczensiz di\u015f eti \u00e7izgilerini<\/strong> tedavi eder.<\/p><h4 data-start=\"2666\" data-end=\"2707\"><strong data-start=\"2671\" data-end=\"2705\">Neden ROC Clinic Antalya&#8217;y\u0131 Se\u00e7melisiniz?<\/strong><\/h4><p data-start=\"2708\" data-end=\"2950\"><strong data-start=\"2711\" data-end=\"2733\">ROC Clinic Antalya<\/strong>&#8216;da <strong data-start=\"2749\" data-end=\"2794\">hasta konforu ve uzun vadeli a\u011f\u0131z sa\u011fl\u0131\u011f\u0131<\/strong>. <strong data-start=\"2800\" data-end=\"2829\">Uzman periodontistlerimiz<\/strong>, <strong data-start=\"2845\" data-end=\"2891\">cerrahi olmayan ve lazer destekli tedavileri<\/strong> kullanarak <strong data-start=\"2903\" data-end=\"2947\">a\u011fr\u0131s\u0131z, etkili di\u015f eti hastal\u0131\u011f\u0131 tedavisi<\/strong> sa\u011flar.<\/p><p data-start=\"2952\" data-end=\"3217\">En \u00f6nemlisi, <strong data-start=\"2981\" data-end=\"3046\">en y\u00fcksek kalitede periodontal bak\u0131m\u0131n herkes taraf\u0131ndan eri\u015filebilir olmas\u0131 gerekti\u011fine<\/strong> inan\u0131yoruz. Di\u015f eti tedavileri i\u00e7in fazla \u00fccret alan bir\u00e7ok poliklini\u011fin aksine, <strong data-start=\"3113\" data-end=\"3150\">uygun fiyatl\u0131, d\u00fcnya standartlar\u0131nda \u00e7\u00f6z\u00fcmler<\/strong> sunarak <strong data-start=\"3163\" data-end=\"3214\">sa\u011fl\u0131kl\u0131 ve g\u00fczel bir g\u00fcl\u00fcmsemeye kavu\u015fman\u0131za ve bu g\u00fcl\u00fcmsemeyi koruman\u0131za<\/strong> yard\u0131mc\u0131 oluyoruz.<\/p><h4 data-start=\"3219\" data-end=\"3274\"><strong data-start=\"3224\" data-end=\"3272\">Di\u015f Etlerinizi Koruyun ve G\u00fcl\u00fcmsemenizi Sa\u011fl\u0131kl\u0131 Tutun!<\/strong><\/h4><p data-start=\"3275\" data-end=\"3521\" data-is-last-node=\"\" data-is-only-node=\"\"><strong data-start=\"3285\" data-end=\"3300\">Di\u015f eti hastal\u0131\u011f\u0131n\u0131n<\/strong> <strong data-start=\"3313\" data-end=\"3343\">a\u011f\u0131z sa\u011fl\u0131\u011f\u0131n\u0131z\u0131 ve \u00f6zg\u00fcveninizi<\/strong> etkilemesine izin vermeyin. <strong data-start=\"3345\" data-end=\"3396\">Bug\u00fcn ROC Clinic Antalya&#8217;da bir kons\u00fcltasyon randevusu al\u0131n<\/strong> ve periodontal uzmanlar\u0131m\u0131z\u0131n <strong data-start=\"3442\" data-end=\"3521\" data-is-last-node=\"\">di\u015f eti sa\u011fl\u0131\u011f\u0131n\u0131z\u0131 geri kazanmas\u0131na, di\u015f kayb\u0131n\u0131z\u0131 \u00f6nlemesine ve size \u00f6m\u00fcr boyu s\u00fcrecek bir g\u00fcl\u00fcmseme kazand\u0131rmas\u0131na izin verin!<\/strong><\/p>\t\t\t\t\t\t\t\t<\/div>\n\t\t\t\t<\/div>\n\t\t\t\t\t<\/div>\n\t\t\t\t<\/div>\n\t\t\t\t<\/div>\n\t\t","protected":false},"excerpt":{"rendered":"<p>Periodontoloji ve Periodontal Hastal\u0131klar roc poliklinik Periodontoloji ve Periodontal Hastal\u0131klar Bize Ula\u015f\u0131n Di\u015f eti sa\u011fl\u0131\u011f\u0131, g\u00fc\u00e7l\u00fc ve g\u00fczel bir g\u00fcl\u00fcmsemenin temelidir. ROC Clinic Antalya&#8216;da, Periodontoloji ve Periodontal Hastal\u0131k Tedavisi konusunda uzmanla\u015f\u0131yoruz ve di\u015f etiyle ilgili rahats\u0131zl\u0131klar\u0131 \u00f6nlemek, y\u00f6netmek ve tedavi etmek i\u00e7in geli\u015fmi\u015f, minimal invaziv \u00e7\u00f6z\u00fcmler sunuyoruz. Di\u015f eti kanamas\u0131, di\u015f eti \u00e7ekilmesi veya ileri [&hellip;]<\/p>\n","protected":false},"author":1,"featured_media":0,"parent":0,"menu_order":0,"comment_status":"closed","ping_status":"closed","template":"elementor_header_footer","meta":{"footnotes":""},"class_list":["post-1770","page","type-page","status-publish","hentry"],"_links":{"self":[{"href":"https:\/\/rocdentalturkey.com\/index.php\/wp-json\/wp\/v2\/pages\/1770","targetHints":{"allow":["GET"]}}],"collection":[{"href":"https:\/\/rocdentalturkey.com\/index.php\/wp-json\/wp\/v2\/pages"}],"about":[{"href":"https:\/\/rocdentalturkey.com\/index.php\/wp-json\/wp\/v2\/types\/page"}],"author":[{"embeddable":true,"href":"https:\/\/rocdentalturkey.com\/index.php\/wp-json\/wp\/v2\/users\/1"}],"replies":[{"embeddable":true,"href":"https:\/\/rocdentalturkey.com\/index.php\/wp-json\/wp\/v2\/comments?post=1770"}],"version-history":[{"count":4,"href":"https:\/\/rocdentalturkey.com\/index.php\/wp-json\/wp\/v2\/pages\/1770\/revisions"}],"predecessor-version":[{"id":2209,"href":"https:\/\/rocdentalturkey.com\/index.php\/wp-json\/wp\/v2\/pages\/1770\/revisions\/2209"}],"wp:attachment":[{"href":"https:\/\/rocdentalturkey.com\/index.php\/wp-json\/wp\/v2\/media?parent=1770"}],"curies":[{"name":"wp","href":"https:\/\/api.w.org\/{rel}","templated":true}]}}