{"id":1768,"date":"2025-03-18T13:38:11","date_gmt":"2025-03-18T13:38:11","guid":{"rendered":"https:\/\/rocdentalturkey.com\/index.php\/ameliyatsiz-implant\/"},"modified":"2025-08-27T14:06:32","modified_gmt":"2025-08-27T14:06:32","slug":"ameliyatsiz-implant","status":"publish","type":"page","link":"https:\/\/rocdentalturkey.com\/index.php\/ameliyatsiz-implant\/?lang=tr","title":{"rendered":"Ameliyats\u0131z \u0130mplant"},"content":{"rendered":"<style>.elementor-1768 .elementor-element.elementor-element-79cdbf8 > .elementor-container{max-width:1170px;}.elementor-1768 .elementor-element.elementor-element-79cdbf8:not(.elementor-motion-effects-element-type-background), .elementor-1768 .elementor-element.elementor-element-79cdbf8 > .elementor-motion-effects-container > .elementor-motion-effects-layer{background-color:#000000;background-image:url(\"https:\/\/rocdentalturkey.com\/wp-content\/uploads\/2025\/03\/advice-of-dentist.jpg\");background-position:0px 65%;background-size:cover;}.elementor-1768 .elementor-element.elementor-element-79cdbf8 > .elementor-background-overlay{background-color:#000000;opacity:0.8;transition:background 0.3s, border-radius 0.3s, opacity 0.3s;}.elementor-1768 .elementor-element.elementor-element-79cdbf8{transition:background 0.3s, border 0.3s, border-radius 0.3s, box-shadow 0.3s;margin-top:0px;margin-bottom:0px;padding:140px 0px 140px 0px;}.elementor-1768 .elementor-element.elementor-element-03db280.elementor-column > .elementor-widget-wrap{justify-content:center;}.elementor-1768 .elementor-element.elementor-element-1cbd7cc{text-align:center;}.elementor-1768 .elementor-element.elementor-element-1cbd7cc .elementor-heading-title{font-family:\"Montserrat\", Sans-serif;font-size:32px;font-weight:700;text-transform:uppercase;line-height:1.2em;color:var( --e-global-color-c3e5fb3 );}.elementor-1768 .elementor-element.elementor-element-7adc2ab{--display:flex;--flex-direction:column;--container-widget-width:100%;--container-widget-height:initial;--container-widget-flex-grow:0;--container-widget-align-self:initial;--flex-wrap-mobile:wrap;--margin-top:60px;--margin-bottom:0px;--margin-left:0px;--margin-right:0px;}.elementor-1768 .elementor-element.elementor-element-85d231f{--display:flex;--flex-direction:row;--container-widget-width:initial;--container-widget-height:100%;--container-widget-flex-grow:1;--container-widget-align-self:stretch;--flex-wrap-mobile:wrap;--gap:0px 0px;--row-gap:0px;--column-gap:0px;--margin-top:20px;--margin-bottom:0px;--margin-left:0px;--margin-right:0px;}.elementor-1768 .elementor-element.elementor-element-48efdf4{--display:flex;--flex-direction:column;--container-widget-width:100%;--container-widget-height:initial;--container-widget-flex-grow:0;--container-widget-align-self:initial;--flex-wrap-mobile:wrap;}.elementor-1768 .elementor-element.elementor-element-3b80c80 .elementor-heading-title{font-family:\"Montserrat\", Sans-serif;font-size:14px;font-weight:600;text-transform:uppercase;line-height:1em;letter-spacing:1.5px;color:#20BBE4;}.elementor-1768 .elementor-element.elementor-element-61d45bb{text-align:start;}.elementor-1768 .elementor-element.elementor-element-61d45bb .elementor-heading-title{font-family:\"Montserrat\", Sans-serif;font-size:32px;font-weight:700;line-height:1.2em;color:var( --e-global-color-primary );}.elementor-1768 .elementor-element.elementor-element-6ce5412{--display:flex;--flex-direction:column;--container-widget-width:calc( ( 1 - var( --container-widget-flex-grow ) ) * 100% );--container-widget-height:initial;--container-widget-flex-grow:0;--container-widget-align-self:initial;--flex-wrap-mobile:wrap;--align-items:flex-end;}.elementor-1768 .elementor-element.elementor-element-90b9581 .elementor-button{font-family:var( --e-global-typography-9feda6e-font-family ), Sans-serif;font-size:var( --e-global-typography-9feda6e-font-size );font-weight:var( --e-global-typography-9feda6e-font-weight );text-transform:var( --e-global-typography-9feda6e-text-transform );line-height:var( --e-global-typography-9feda6e-line-height );letter-spacing:var( --e-global-typography-9feda6e-letter-spacing );word-spacing:var( --e-global-typography-9feda6e-word-spacing );fill:var( --e-global-color-c3e5fb3 );color:var( --e-global-color-c3e5fb3 );background-color:#20BBE4;border-radius:20px 20px 3px 3px;padding:20px 40px 20px 40px;}.elementor-1768 .elementor-element.elementor-element-90b9581 .elementor-button:hover, .elementor-1768 .elementor-element.elementor-element-90b9581 .elementor-button:focus{color:#20BBE4;background-color:var( --e-global-color-c3e5fb3 );}.elementor-1768 .elementor-element.elementor-element-90b9581 .elementor-button:hover svg, .elementor-1768 .elementor-element.elementor-element-90b9581 .elementor-button:focus svg{fill:#20BBE4;}.elementor-1768 .elementor-element.elementor-element-90b9581 > .elementor-widget-container{margin:20px 0px 0px 0px;}.elementor-1768 .elementor-element.elementor-element-0a93c6b{--display:flex;--flex-direction:column;--container-widget-width:100%;--container-widget-height:initial;--container-widget-flex-grow:0;--container-widget-align-self:initial;--flex-wrap-mobile:wrap;--margin-top:0px;--margin-bottom:50px;--margin-left:0px;--margin-right:0px;}.elementor-1768 .elementor-element.elementor-element-896b085{--divider-border-style:solid;--divider-color:#F7F7F7;--divider-border-width:1px;}.elementor-1768 .elementor-element.elementor-element-896b085 .elementor-divider-separator{width:100%;}.elementor-1768 .elementor-element.elementor-element-896b085 .elementor-divider{padding-block-start:2px;padding-block-end:2px;}.elementor-1768 .elementor-element.elementor-element-7f4c46a{font-family:\"Montserrat\", Sans-serif;font-size:16px;font-weight:400;line-height:1.5em;color:var( --e-global-color-text );}@media(min-width:768px){.elementor-1768 .elementor-element.elementor-element-48efdf4{--width:66.6666%;}.elementor-1768 .elementor-element.elementor-element-6ce5412{--width:33.3333%;}}@media(max-width:1024px){.elementor-1768 .elementor-element.elementor-element-79cdbf8:not(.elementor-motion-effects-element-type-background), .elementor-1768 .elementor-element.elementor-element-79cdbf8 > .elementor-motion-effects-container > .elementor-motion-effects-layer{background-position:0px 0px;}.elementor-1768 .elementor-element.elementor-element-79cdbf8{padding:120px 10px 120px 10px;}.elementor-1768 .elementor-element.elementor-element-90b9581 .elementor-button{font-size:var( --e-global-typography-9feda6e-font-size );line-height:var( --e-global-typography-9feda6e-line-height );letter-spacing:var( --e-global-typography-9feda6e-letter-spacing );word-spacing:var( --e-global-typography-9feda6e-word-spacing );}}@media(max-width:767px){.elementor-1768 .elementor-element.elementor-element-79cdbf8:not(.elementor-motion-effects-element-type-background), .elementor-1768 .elementor-element.elementor-element-79cdbf8 > .elementor-motion-effects-container > .elementor-motion-effects-layer{background-position:0px 0px;}.elementor-1768 .elementor-element.elementor-element-79cdbf8{padding:80px 10px 80px 10px;}.elementor-1768 .elementor-element.elementor-element-1cbd7cc .elementor-heading-title{font-size:24px;}.elementor-1768 .elementor-element.elementor-element-3b80c80 .elementor-heading-title{font-size:14px;}.elementor-1768 .elementor-element.elementor-element-61d45bb .elementor-heading-title{font-size:24px;}.elementor-1768 .elementor-element.elementor-element-90b9581 .elementor-button{font-size:var( --e-global-typography-9feda6e-font-size );line-height:var( --e-global-typography-9feda6e-line-height );letter-spacing:var( --e-global-typography-9feda6e-letter-spacing );word-spacing:var( --e-global-typography-9feda6e-word-spacing );}.elementor-1768 .elementor-element.elementor-element-7f4c46a{font-size:14px;}}<\/style>\t\t<div data-elementor-type=\"wp-page\" data-elementor-id=\"1768\" class=\"elementor elementor-1768 elementor-187\" data-elementor-post-type=\"page\">\n\t\t\t\t\t\t<section class=\"elementor-section elementor-top-section elementor-element elementor-element-79cdbf8 elementor-section-boxed elementor-section-height-default elementor-section-height-default\" data-id=\"79cdbf8\" data-element_type=\"section\" data-e-type=\"section\" data-settings=\"{&quot;background_background&quot;:&quot;classic&quot;}\">\n\t\t\t\t\t\t\t<div class=\"elementor-background-overlay\"><\/div>\n\t\t\t\t\t\t\t<div class=\"elementor-container elementor-column-gap-default\">\n\t\t\t\t\t<div class=\"elementor-column elementor-col-100 elementor-top-column elementor-element elementor-element-03db280\" data-id=\"03db280\" data-element_type=\"column\" data-e-type=\"column\">\n\t\t\t<div class=\"elementor-widget-wrap elementor-element-populated\">\n\t\t\t\t\t\t<div class=\"elementor-element elementor-element-1cbd7cc elementor-widget elementor-widget-heading\" data-id=\"1cbd7cc\" data-element_type=\"widget\" data-e-type=\"widget\" data-widget_type=\"heading.default\">\n\t\t\t\t<div class=\"elementor-widget-container\">\n\t\t\t\t\t<h2 class=\"elementor-heading-title elementor-size-default\">Ameliyats\u0131z \u0130mplant<\/h2>\t\t\t\t<\/div>\n\t\t\t\t<\/div>\n\t\t\t\t\t<\/div>\n\t\t<\/div>\n\t\t\t\t\t<\/div>\n\t\t<\/section>\n\t\t<div class=\"elementor-element elementor-element-7adc2ab e-flex e-con-boxed e-con e-parent\" data-id=\"7adc2ab\" data-element_type=\"container\" data-e-type=\"container\">\n\t\t\t\t\t<div class=\"e-con-inner\">\n\t\t\t\t<div class=\"elementor-element elementor-element-e18c14c elementor-widget elementor-widget-image\" data-id=\"e18c14c\" data-element_type=\"widget\" data-e-type=\"widget\" data-widget_type=\"image.default\">\n\t\t\t\t<div class=\"elementor-widget-container\">\n\t\t\t\t\t\t\t\t\t\t\t\t\t\t\t<img decoding=\"async\" src=\"https:\/\/rocdentalturkey.com\/wp-content\/uploads\/elementor\/thumbs\/non-surgical-implants-r4e1e8b3panx6cz1y7yt4x8vbd2rvmo30084mkbaf0.jpg\" title=\"Young man with a toothy smile demonstrating his dental implant\" alt=\"Headshot of a happy attractive guy with open mouth showing his white teeth before the camera\" loading=\"lazy\" \/>\t\t\t\t\t\t\t\t\t\t\t\t\t\t\t<\/div>\n\t\t\t\t<\/div>\n\t\t\t\t\t<\/div>\n\t\t\t\t<\/div>\n\t\t<div class=\"elementor-element elementor-element-85d231f e-flex e-con-boxed e-con e-parent\" data-id=\"85d231f\" data-element_type=\"container\" data-e-type=\"container\">\n\t\t\t\t\t<div class=\"e-con-inner\">\n\t\t<div class=\"elementor-element elementor-element-48efdf4 e-con-full e-flex e-con e-child\" data-id=\"48efdf4\" data-element_type=\"container\" data-e-type=\"container\">\n\t\t\t\t<div class=\"elementor-element elementor-element-3b80c80 animated-slow elementor-invisible elementor-widget elementor-widget-heading\" data-id=\"3b80c80\" data-element_type=\"widget\" data-e-type=\"widget\" data-settings=\"{&quot;_animation&quot;:&quot;fadeInRight&quot;}\" data-widget_type=\"heading.default\">\n\t\t\t\t<div class=\"elementor-widget-container\">\n\t\t\t\t\t<h5 class=\"elementor-heading-title elementor-size-default\">roc poliklinik<\/h5>\t\t\t\t<\/div>\n\t\t\t\t<\/div>\n\t\t\t\t<div class=\"elementor-element elementor-element-61d45bb elementor-widget elementor-widget-heading\" data-id=\"61d45bb\" data-element_type=\"widget\" data-e-type=\"widget\" data-widget_type=\"heading.default\">\n\t\t\t\t<div class=\"elementor-widget-container\">\n\t\t\t\t\t<h2 class=\"elementor-heading-title elementor-size-default\">Ameliyats\u0131z \u0130mplant<\/h2>\t\t\t\t<\/div>\n\t\t\t\t<\/div>\n\t\t\t\t<\/div>\n\t\t<div class=\"elementor-element elementor-element-6ce5412 e-con-full e-flex e-con e-child\" data-id=\"6ce5412\" data-element_type=\"container\" data-e-type=\"container\">\n\t\t\t\t<div class=\"elementor-element elementor-element-90b9581 elementor-align-center elementor-widget elementor-widget-button\" data-id=\"90b9581\" data-element_type=\"widget\" data-e-type=\"widget\" data-widget_type=\"button.default\">\n\t\t\t\t<div class=\"elementor-widget-container\">\n\t\t\t\t\t\t\t\t\t<div class=\"elementor-button-wrapper\">\n\t\t\t\t\t<a class=\"elementor-button elementor-button-link elementor-size-sm elementor-animation-float\" href=\"https:\/\/rocdentalturkey.com\/index.php\/bize-ulasin\/?lang=tr\">\n\t\t\t\t\t\t<span class=\"elementor-button-content-wrapper\">\n\t\t\t\t\t\t\t\t\t<span class=\"elementor-button-text\">Bize Ula\u015f\u0131n<\/span>\n\t\t\t\t\t<\/span>\n\t\t\t\t\t<\/a>\n\t\t\t\t<\/div>\n\t\t\t\t\t\t\t\t<\/div>\n\t\t\t\t<\/div>\n\t\t\t\t<\/div>\n\t\t\t\t\t<\/div>\n\t\t\t\t<\/div>\n\t\t<div class=\"elementor-element elementor-element-0a93c6b e-flex e-con-boxed e-con e-parent\" data-id=\"0a93c6b\" data-element_type=\"container\" data-e-type=\"container\">\n\t\t\t\t\t<div class=\"e-con-inner\">\n\t\t\t\t<div class=\"elementor-element elementor-element-896b085 elementor-widget-divider--view-line elementor-widget elementor-widget-divider\" data-id=\"896b085\" data-element_type=\"widget\" data-e-type=\"widget\" data-widget_type=\"divider.default\">\n\t\t\t\t<div class=\"elementor-widget-container\">\n\t\t\t\t\t\t\t<div class=\"elementor-divider\">\n\t\t\t<span class=\"elementor-divider-separator\">\n\t\t\t\t\t\t<\/span>\n\t\t<\/div>\n\t\t\t\t\t\t<\/div>\n\t\t\t\t<\/div>\n\t\t\t\t<div class=\"elementor-element elementor-element-7f4c46a elementor-widget elementor-widget-text-editor\" data-id=\"7f4c46a\" data-element_type=\"widget\" data-e-type=\"widget\" data-widget_type=\"text-editor.default\">\n\t\t\t\t<div class=\"elementor-widget-container\">\n\t\t\t\t\t\t\t\t\t<p data-start=\"94\" data-end=\"486\"><strong data-start=\"97\" data-end=\"119\">ROC Clinic Antalya<\/strong>&#8216;da, di\u015f prosed\u00fcrlerinin bazen korkutucu olabilece\u011fini anl\u0131yoruz. Bu nedenle, geleneksel implant cerrahisine <strong data-start=\"248\" data-end=\"307\">geli\u015fmi\u015f, a\u011fr\u0131s\u0131z ve minimal invaziv bir alternatif<\/strong> olan <strong data-start=\"211\" data-end=\"243\">Cerrahi Olmayan Di\u015f \u0130mplantlar\u0131<\/strong> sunuyoruz. Bu yenilik\u00e7i teknik, hastalar\u0131n kesi veya diki\u015fe gerek kalmadan <strong data-start=\"399\" data-end=\"440\">eksik di\u015flerini<\/strong> h\u0131zl\u0131 ve rahat bir \u015fekilde geri kazanmalar\u0131n\u0131 sa\u011flar.<\/p><h4 data-start=\"488\" data-end=\"537\"><strong data-start=\"493\" data-end=\"535\">Cerrahi Olmayan Di\u015f \u0130mplantlar\u0131 Nelerdir?<\/strong><\/h4><p data-start=\"538\" data-end=\"933\">Di\u015f eti dokusunun kesilmesini gerektiren geleneksel implantlar\u0131n aksine, <strong data-start=\"608\" data-end=\"633\">cerrahi olmayan implantlar<\/strong> <strong data-start=\"651\" data-end=\"681\">bilgisayar destekli teknoloji<\/strong> kullan\u0131larak yerle\u015ftirilir ve do\u011frudan \u00e7ene kemi\u011fine <strong data-start=\"692\" data-end=\"726\">keskin, flepsiz implantasyon<\/strong> sa\u011flan\u0131r. Bu y\u00f6ntem, <strong data-start=\"788\" data-end=\"825\">a\u011fr\u0131y\u0131, \u015fi\u015fli\u011fi ve iyile\u015fme s\u00fcresini<\/strong> \u00f6nemli \u00f6l\u00e7\u00fcde azalt\u0131r ve bu da onu <strong data-start=\"839\" data-end=\"868\">h\u0131zl\u0131 ve etkili di\u015f replasman\u0131<\/strong> arayan hastalar i\u00e7in <strong data-start=\"890\" data-end=\"930\">g\u00fcvenli ve etkili bir se\u00e7enek<\/strong> haline getirir.<\/p><h4 data-start=\"935\" data-end=\"979\"><strong data-start=\"940\" data-end=\"977\">Cerrahi Olmayan \u0130mplantlar\u0131n Faydalar\u0131<\/strong><\/h4><p data-start=\"980\" data-end=\"1580\">\u2714 <strong data-start=\"982\" data-end=\"1014\">Minimal \u0130nvaziv Prosed\u00fcr<\/strong> \u2013 Kesi yok, diki\u015f yok ve daha az rahats\u0131zl\u0131k.<br data-start=\"1064\" data-end=\"1067\" \/>\u2714 <strong data-start=\"1069\" data-end=\"1092\">Daha H\u0131zl\u0131 \u0130yile\u015fme S\u00fcresi<\/strong> \u2013 Geleneksel implantlara k\u0131yasla daha az \u015fi\u015flik ve daha h\u0131zl\u0131 iyile\u015fme.<br data-start=\"1166\" data-end=\"1169\" \/>\u2714 <strong data-start=\"1171\" data-end=\"1198\">An\u0131nda \u0130\u015flevsellik<\/strong> \u2013 Bir\u00e7ok durumda hastalar ayn\u0131 g\u00fcn yeni di\u015flerine kavu\u015fabilirler.<br data-start=\"1266\" data-end=\"1269\" \/>\u2714 <strong data-start=\"1271\" data-end=\"1299\">G\u00fcvenli ve Hassas Yerle\u015ftirme<\/strong> \u2013 Geli\u015fmi\u015f 3D g\u00f6r\u00fcnt\u00fcleme do\u011fruluk ve optimum konumland\u0131rma sa\u011flar.<br data-start=\"1363\" data-end=\"1366\" \/>\u2714 <strong data-start=\"1368\" data-end=\"1399\">Di\u015f Eti ve Kemik Sa\u011fl\u0131\u011f\u0131<\/strong> \u2013 Daha do\u011fal bir his i\u00e7in \u00e7evre dokulara daha az travma.<br data-start=\"1461\" data-end=\"1464\" \/>\u2714 <strong data-start=\"1466\" data-end=\"1503\">Kemik Kayb\u0131 Olan Hastalar \u0130\u00e7in \u0130deal<\/strong> \u2013 Geleneksel implantlar i\u00e7in uygun olmayanlar i\u00e7in harika bir \u00e7\u00f6z\u00fcm.<\/p><h4 data-start=\"1582\" data-end=\"1623\"><strong data-start=\"1587\" data-end=\"1621\">Neden ROC Clinic Antalya&#8217;y\u0131 Se\u00e7melisiniz?<\/strong><\/h4><p data-start=\"1624\" data-end=\"1915\"><strong data-start=\"1627\" data-end=\"1649\">ROC Clinic Antalya<\/strong>&#8216;da, <strong data-start=\"1668\" data-end=\"1713\">son teknoloji, hasta odakl\u0131 di\u015f bak\u0131m\u0131<\/strong> konusunda uzmanla\u015f\u0131yoruz ve Hastalar\u0131m\u0131z i\u00e7in <strong data-start=\"1726\" data-end=\"1755\">a\u011fr\u0131s\u0131z ve stressiz<\/strong> bir deneyim. <strong data-start=\"1789\" data-end=\"1816\">Deneyimli uzmanlar\u0131m\u0131z<\/strong>, <strong data-start=\"1821\" data-end=\"1867\">en son teknolojiye sahip rehberli implant teknolojisini<\/strong> kullanarak <strong data-start=\"1879\" data-end=\"1912\">maksimum hassasiyet ve konfor<\/strong> sa\u011fl\u0131yor.<\/p><p data-start=\"1917\" data-end=\"2218\">En \u00f6nemlisi, <strong data-start=\"1951\" data-end=\"2008\">en \u00fcst d\u00fczey di\u015f bak\u0131m\u0131n\u0131n herkes taraf\u0131ndan eri\u015filebilir olmas\u0131 gerekti\u011fine<\/strong> inan\u0131yoruz. Bir\u00e7ok poliklinik yenilik\u00e7i implant teknikleri i\u00e7in a\u015f\u0131r\u0131 \u00fccretler al\u0131rken, biz <strong data-start=\"2092\" data-end=\"2149\">uygun fiyatl\u0131 ancak birinci s\u0131n\u0131f cerrahi olmayan implant \u00e7\u00f6z\u00fcmleri<\/strong> sunuyoruz ve b\u00f6ylece <strong data-start=\"2167\" data-end=\"2215\">banka hesab\u0131n\u0131z\u0131 bo\u015faltmadan g\u00fcl\u00fcmsemenizi geri kazanman\u0131za<\/strong> olanak tan\u0131yoruz.<\/p><h4 data-start=\"2220\" data-end=\"2275\"><strong data-start=\"2225\" data-end=\"2273\">G\u00fcl\u00fc\u015fmenizi Geri Kazan\u0131n \u2013 Sorunsuz ve A\u011fr\u0131s\u0131z!<\/strong><\/h4><p data-start=\"2276\" data-end=\"2522\" data-is-last-node=\"\" data-is-only-node=\"\">Eksik di\u015flerinizi de\u011fi\u015ftirmek i\u00e7in <strong data-start=\"2300\" data-end=\"2337\">h\u0131zl\u0131, konforlu ve etkili<\/strong> bir yol ar\u0131yorsan\u0131z, <strong data-start=\"2368\" data-end=\"2415\">ROC Clinic Antalya&#8217;daki Cerrahi Olmayan \u0130mplantlar<\/strong> m\u00fckemmel bir \u00e7\u00f6z\u00fcmd\u00fcr. <strong data-start=\"2442\" data-end=\"2522\" data-is-last-node=\"\">Bug\u00fcn kons\u00fcltasyonunuzu ay\u0131rt\u0131n ve implant di\u015f hekimli\u011finin gelece\u011fini deneyimleyin!<\/strong><\/p>\t\t\t\t\t\t\t\t<\/div>\n\t\t\t\t<\/div>\n\t\t\t\t\t<\/div>\n\t\t\t\t<\/div>\n\t\t\t\t<\/div>\n\t\t","protected":false},"excerpt":{"rendered":"<p>Ameliyats\u0131z \u0130mplant roc poliklinik Ameliyats\u0131z \u0130mplant Bize Ula\u015f\u0131n ROC Clinic Antalya&#8216;da, di\u015f prosed\u00fcrlerinin bazen korkutucu olabilece\u011fini anl\u0131yoruz. Bu nedenle, geleneksel implant cerrahisine geli\u015fmi\u015f, a\u011fr\u0131s\u0131z ve minimal invaziv bir alternatif olan Cerrahi Olmayan Di\u015f \u0130mplantlar\u0131 sunuyoruz. Bu yenilik\u00e7i teknik, hastalar\u0131n kesi veya diki\u015fe gerek kalmadan eksik di\u015flerini h\u0131zl\u0131 ve rahat bir \u015fekilde geri kazanmalar\u0131n\u0131 sa\u011flar. Cerrahi [&hellip;]<\/p>\n","protected":false},"author":1,"featured_media":0,"parent":0,"menu_order":0,"comment_status":"closed","ping_status":"closed","template":"elementor_header_footer","meta":{"footnotes":""},"class_list":["post-1768","page","type-page","status-publish","hentry"],"_links":{"self":[{"href":"https:\/\/rocdentalturkey.com\/index.php\/wp-json\/wp\/v2\/pages\/1768","targetHints":{"allow":["GET"]}}],"collection":[{"href":"https:\/\/rocdentalturkey.com\/index.php\/wp-json\/wp\/v2\/pages"}],"about":[{"href":"https:\/\/rocdentalturkey.com\/index.php\/wp-json\/wp\/v2\/types\/page"}],"author":[{"embeddable":true,"href":"https:\/\/rocdentalturkey.com\/index.php\/wp-json\/wp\/v2\/users\/1"}],"replies":[{"embeddable":true,"href":"https:\/\/rocdentalturkey.com\/index.php\/wp-json\/wp\/v2\/comments?post=1768"}],"version-history":[{"count":7,"href":"https:\/\/rocdentalturkey.com\/index.php\/wp-json\/wp\/v2\/pages\/1768\/revisions"}],"predecessor-version":[{"id":2206,"href":"https:\/\/rocdentalturkey.com\/index.php\/wp-json\/wp\/v2\/pages\/1768\/revisions\/2206"}],"wp:attachment":[{"href":"https:\/\/rocdentalturkey.com\/index.php\/wp-json\/wp\/v2\/media?parent=1768"}],"curies":[{"name":"wp","href":"https:\/\/api.w.org\/{rel}","templated":true}]}}