{"id":1740,"date":"2025-03-18T13:36:37","date_gmt":"2025-03-18T13:36:37","guid":{"rendered":"https:\/\/rocdentalturkey.com\/index.php\/hollywood-gulumsemesi\/"},"modified":"2025-08-27T14:03:54","modified_gmt":"2025-08-27T14:03:54","slug":"hollywood-gulumsemesi","status":"publish","type":"page","link":"https:\/\/rocdentalturkey.com\/index.php\/hollywood-gulumsemesi\/?lang=tr","title":{"rendered":"Hollywood G\u00fcl\u00fcmsemesi"},"content":{"rendered":"<style>.elementor-1740 .elementor-element.elementor-element-79cdbf8 > .elementor-container{max-width:1170px;}.elementor-1740 .elementor-element.elementor-element-79cdbf8:not(.elementor-motion-effects-element-type-background), .elementor-1740 .elementor-element.elementor-element-79cdbf8 > .elementor-motion-effects-container > .elementor-motion-effects-layer{background-color:#000000;background-image:url(\"https:\/\/rocdentalturkey.com\/wp-content\/uploads\/2025\/03\/advice-of-dentist.jpg\");background-position:0px 65%;background-size:cover;}.elementor-1740 .elementor-element.elementor-element-79cdbf8 > .elementor-background-overlay{background-color:#000000;opacity:0.8;transition:background 0.3s, border-radius 0.3s, opacity 0.3s;}.elementor-1740 .elementor-element.elementor-element-79cdbf8{transition:background 0.3s, border 0.3s, border-radius 0.3s, box-shadow 0.3s;margin-top:0px;margin-bottom:0px;padding:140px 0px 140px 0px;}.elementor-1740 .elementor-element.elementor-element-03db280.elementor-column > .elementor-widget-wrap{justify-content:center;}.elementor-1740 .elementor-element.elementor-element-1cbd7cc{text-align:center;}.elementor-1740 .elementor-element.elementor-element-1cbd7cc .elementor-heading-title{font-family:\"Montserrat\", Sans-serif;font-size:32px;font-weight:700;text-transform:uppercase;line-height:1.2em;color:var( --e-global-color-c3e5fb3 );}.elementor-1740 .elementor-element.elementor-element-7adc2ab{--display:flex;--flex-direction:column;--container-widget-width:100%;--container-widget-height:initial;--container-widget-flex-grow:0;--container-widget-align-self:initial;--flex-wrap-mobile:wrap;--margin-top:60px;--margin-bottom:0px;--margin-left:0px;--margin-right:0px;}.elementor-1740 .elementor-element.elementor-element-7122193{--e-image-carousel-slides-to-show:4;}.elementor-1740 .elementor-element.elementor-element-7122193 .elementor-image-carousel-wrapper .elementor-image-carousel .swiper-slide-image{border-radius:10px 10px 10px 10px;}.elementor-1740 .elementor-element.elementor-element-85d231f{--display:flex;--flex-direction:row;--container-widget-width:initial;--container-widget-height:100%;--container-widget-flex-grow:1;--container-widget-align-self:stretch;--flex-wrap-mobile:wrap;--gap:0px 0px;--row-gap:0px;--column-gap:0px;--margin-top:20px;--margin-bottom:0px;--margin-left:0px;--margin-right:0px;}.elementor-1740 .elementor-element.elementor-element-48efdf4{--display:flex;--flex-direction:column;--container-widget-width:100%;--container-widget-height:initial;--container-widget-flex-grow:0;--container-widget-align-self:initial;--flex-wrap-mobile:wrap;}.elementor-1740 .elementor-element.elementor-element-3b80c80 .elementor-heading-title{font-family:\"Montserrat\", Sans-serif;font-size:14px;font-weight:600;text-transform:uppercase;line-height:1em;letter-spacing:1.5px;color:#20BBE4;}.elementor-1740 .elementor-element.elementor-element-61d45bb{text-align:start;}.elementor-1740 .elementor-element.elementor-element-61d45bb .elementor-heading-title{font-family:\"Montserrat\", Sans-serif;font-size:32px;font-weight:700;line-height:1.2em;color:var( --e-global-color-primary );}.elementor-1740 .elementor-element.elementor-element-6ce5412{--display:flex;--flex-direction:column;--container-widget-width:calc( ( 1 - var( --container-widget-flex-grow ) ) * 100% );--container-widget-height:initial;--container-widget-flex-grow:0;--container-widget-align-self:initial;--flex-wrap-mobile:wrap;--align-items:flex-end;}.elementor-1740 .elementor-element.elementor-element-90b9581 .elementor-button{font-family:var( --e-global-typography-9feda6e-font-family ), Sans-serif;font-size:var( --e-global-typography-9feda6e-font-size );font-weight:var( --e-global-typography-9feda6e-font-weight );text-transform:var( --e-global-typography-9feda6e-text-transform );line-height:var( --e-global-typography-9feda6e-line-height );letter-spacing:var( --e-global-typography-9feda6e-letter-spacing );word-spacing:var( --e-global-typography-9feda6e-word-spacing );fill:var( --e-global-color-c3e5fb3 );color:var( --e-global-color-c3e5fb3 );background-color:#20BBE4;border-radius:20px 20px 3px 3px;padding:20px 40px 20px 40px;}.elementor-1740 .elementor-element.elementor-element-90b9581 .elementor-button:hover, .elementor-1740 .elementor-element.elementor-element-90b9581 .elementor-button:focus{color:#20BBE4;background-color:var( --e-global-color-c3e5fb3 );}.elementor-1740 .elementor-element.elementor-element-90b9581 .elementor-button:hover svg, .elementor-1740 .elementor-element.elementor-element-90b9581 .elementor-button:focus svg{fill:#20BBE4;}.elementor-1740 .elementor-element.elementor-element-90b9581 > .elementor-widget-container{margin:20px 0px 0px 0px;}.elementor-1740 .elementor-element.elementor-element-0a93c6b{--display:flex;--flex-direction:column;--container-widget-width:100%;--container-widget-height:initial;--container-widget-flex-grow:0;--container-widget-align-self:initial;--flex-wrap-mobile:wrap;--margin-top:0px;--margin-bottom:50px;--margin-left:0px;--margin-right:0px;}.elementor-1740 .elementor-element.elementor-element-896b085{--divider-border-style:solid;--divider-color:#F7F7F7;--divider-border-width:1px;}.elementor-1740 .elementor-element.elementor-element-896b085 .elementor-divider-separator{width:100%;}.elementor-1740 .elementor-element.elementor-element-896b085 .elementor-divider{padding-block-start:2px;padding-block-end:2px;}.elementor-1740 .elementor-element.elementor-element-7f4c46a{font-family:\"Montserrat\", Sans-serif;font-size:16px;font-weight:400;line-height:1.5em;color:var( --e-global-color-text );}@media(min-width:768px){.elementor-1740 .elementor-element.elementor-element-48efdf4{--width:66.6666%;}.elementor-1740 .elementor-element.elementor-element-6ce5412{--width:33.3333%;}}@media(max-width:1024px){.elementor-1740 .elementor-element.elementor-element-79cdbf8:not(.elementor-motion-effects-element-type-background), .elementor-1740 .elementor-element.elementor-element-79cdbf8 > .elementor-motion-effects-container > .elementor-motion-effects-layer{background-position:0px 0px;}.elementor-1740 .elementor-element.elementor-element-79cdbf8{padding:120px 10px 120px 10px;}.elementor-1740 .elementor-element.elementor-element-90b9581 .elementor-button{font-size:var( --e-global-typography-9feda6e-font-size );line-height:var( --e-global-typography-9feda6e-line-height );letter-spacing:var( --e-global-typography-9feda6e-letter-spacing );word-spacing:var( --e-global-typography-9feda6e-word-spacing );}}@media(max-width:767px){.elementor-1740 .elementor-element.elementor-element-79cdbf8:not(.elementor-motion-effects-element-type-background), .elementor-1740 .elementor-element.elementor-element-79cdbf8 > .elementor-motion-effects-container > .elementor-motion-effects-layer{background-position:0px 0px;}.elementor-1740 .elementor-element.elementor-element-79cdbf8{padding:80px 10px 80px 10px;}.elementor-1740 .elementor-element.elementor-element-1cbd7cc .elementor-heading-title{font-size:24px;}.elementor-1740 .elementor-element.elementor-element-3b80c80 .elementor-heading-title{font-size:14px;}.elementor-1740 .elementor-element.elementor-element-61d45bb .elementor-heading-title{font-size:24px;}.elementor-1740 .elementor-element.elementor-element-90b9581 .elementor-button{font-size:var( --e-global-typography-9feda6e-font-size );line-height:var( --e-global-typography-9feda6e-line-height );letter-spacing:var( --e-global-typography-9feda6e-letter-spacing );word-spacing:var( --e-global-typography-9feda6e-word-spacing );}.elementor-1740 .elementor-element.elementor-element-7f4c46a{font-size:14px;}}<\/style>\t\t<div data-elementor-type=\"wp-page\" data-elementor-id=\"1740\" class=\"elementor elementor-1740 elementor-183\" data-elementor-post-type=\"page\">\n\t\t\t\t\t\t<section class=\"elementor-section elementor-top-section elementor-element elementor-element-79cdbf8 elementor-section-boxed elementor-section-height-default elementor-section-height-default\" data-id=\"79cdbf8\" data-element_type=\"section\" data-e-type=\"section\" data-settings=\"{&quot;background_background&quot;:&quot;classic&quot;}\">\n\t\t\t\t\t\t\t<div class=\"elementor-background-overlay\"><\/div>\n\t\t\t\t\t\t\t<div class=\"elementor-container elementor-column-gap-default\">\n\t\t\t\t\t<div class=\"elementor-column elementor-col-100 elementor-top-column elementor-element elementor-element-03db280\" data-id=\"03db280\" data-element_type=\"column\" data-e-type=\"column\">\n\t\t\t<div class=\"elementor-widget-wrap elementor-element-populated\">\n\t\t\t\t\t\t<div class=\"elementor-element elementor-element-1cbd7cc elementor-widget elementor-widget-heading\" data-id=\"1cbd7cc\" data-element_type=\"widget\" data-e-type=\"widget\" data-widget_type=\"heading.default\">\n\t\t\t\t<div class=\"elementor-widget-container\">\n\t\t\t\t\t<h2 class=\"elementor-heading-title elementor-size-default\">Hollywood G\u00fcl\u00fcmsemesi<\/h2>\t\t\t\t<\/div>\n\t\t\t\t<\/div>\n\t\t\t\t\t<\/div>\n\t\t<\/div>\n\t\t\t\t\t<\/div>\n\t\t<\/section>\n\t\t<div class=\"elementor-element elementor-element-7adc2ab e-flex e-con-boxed e-con e-parent\" data-id=\"7adc2ab\" data-element_type=\"container\" data-e-type=\"container\">\n\t\t\t\t\t<div class=\"e-con-inner\">\n\t\t\t\t<div class=\"elementor-element elementor-element-7122193 elementor-arrows-position-inside elementor-widget elementor-widget-image-carousel\" data-id=\"7122193\" data-element_type=\"widget\" data-e-type=\"widget\" data-settings=\"{&quot;slides_to_show&quot;:&quot;4&quot;,&quot;navigation&quot;:&quot;arrows&quot;,&quot;image_spacing_custom&quot;:{&quot;unit&quot;:&quot;px&quot;,&quot;size&quot;:10,&quot;sizes&quot;:[]},&quot;autoplay&quot;:&quot;yes&quot;,&quot;pause_on_hover&quot;:&quot;yes&quot;,&quot;pause_on_interaction&quot;:&quot;yes&quot;,&quot;autoplay_speed&quot;:5000,&quot;speed&quot;:500,&quot;image_spacing_custom_tablet&quot;:{&quot;unit&quot;:&quot;px&quot;,&quot;size&quot;:&quot;&quot;,&quot;sizes&quot;:[]},&quot;image_spacing_custom_mobile&quot;:{&quot;unit&quot;:&quot;px&quot;,&quot;size&quot;:&quot;&quot;,&quot;sizes&quot;:[]}}\" data-widget_type=\"image-carousel.default\">\n\t\t\t\t<div class=\"elementor-widget-container\">\n\t\t\t\t\t\t\t<div class=\"elementor-image-carousel-wrapper swiper\" role=\"region\" aria-roledescription=\"carousel\" aria-label=\"Image Carousel\" dir=\"ltr\">\n\t\t\t<div class=\"elementor-image-carousel swiper-wrapper\" aria-live=\"off\">\n\t\t\t\t\t\t\t\t<div class=\"swiper-slide\" role=\"group\" aria-roledescription=\"slide\" aria-label=\"1 \/ 2\"><a data-elementor-open-lightbox=\"yes\" data-elementor-lightbox-slideshow=\"7122193\" data-elementor-lightbox-title=\"HOLLYWOOD\" data-e-action-hash=\"#elementor-action%3Aaction%3Dlightbox%26settings%3DeyJpZCI6MTQ4MCwidXJsIjoiaHR0cHM6XC9cL3JvY2RlbnRhbHR1cmtleS5jb21cL3dwLWNvbnRlbnRcL3VwbG9hZHNcLzIwMjVcLzA1XC9IT0xMWVdPT0QucG5nIiwic2xpZGVzaG93IjoiNzEyMjE5MyJ9\" href=\"https:\/\/rocdentalturkey.com\/wp-content\/uploads\/2025\/05\/HOLLYWOOD.png\"><figure class=\"swiper-slide-inner\"><img decoding=\"async\" class=\"swiper-slide-image\" src=\"https:\/\/rocdentalturkey.com\/wp-content\/uploads\/elementor\/thumbs\/HOLLYWOOD-r6f4ve702efuj38qwft329ay660bbadw582axhezos.png\" alt=\"HOLLYWOOD\" \/><\/figure><\/a><\/div><div class=\"swiper-slide\" role=\"group\" aria-roledescription=\"slide\" aria-label=\"2 \/ 2\"><a data-elementor-open-lightbox=\"yes\" data-elementor-lightbox-slideshow=\"7122193\" data-elementor-lightbox-title=\"WhatsApp G\u00f6rsel 2025-05-25 saat 23.46.16_e0eb7a1d\" data-e-action-hash=\"#elementor-action%3Aaction%3Dlightbox%26settings%3DeyJpZCI6MTQ4NCwidXJsIjoiaHR0cHM6XC9cL3JvY2RlbnRhbHR1cmtleS5jb21cL3dwLWNvbnRlbnRcL3VwbG9hZHNcLzIwMjVcLzA1XC9XaGF0c0FwcC1Hb3JzZWwtMjAyNS0wNS0yNS1zYWF0LTIzLjQ2LjE2X2UwZWI3YTFkLmpwZyIsInNsaWRlc2hvdyI6IjcxMjIxOTMifQ%3D%3D\" href=\"https:\/\/rocdentalturkey.com\/wp-content\/uploads\/2025\/05\/WhatsApp-Gorsel-2025-05-25-saat-23.46.16_e0eb7a1d.jpg\"><figure class=\"swiper-slide-inner\"><img decoding=\"async\" class=\"swiper-slide-image\" src=\"https:\/\/rocdentalturkey.com\/wp-content\/uploads\/elementor\/thumbs\/WhatsApp-Gorsel-2025-05-25-saat-23.46.16_e0eb7a1d-r6f4vf4u98h4up7dqy7pmr2erjvoizhmhcpserdlik.jpg\" alt=\"WhatsApp G\u00f6rsel 2025-05-25 saat 23.46.16_e0eb7a1d\" \/><\/figure><\/a><\/div>\t\t\t<\/div>\n\t\t\t\t\t\t\t\t\t\t\t\t<div class=\"elementor-swiper-button elementor-swiper-button-prev\" role=\"button\" tabindex=\"0\">\n\t\t\t\t\t\t<svg aria-hidden=\"true\" class=\"e-font-icon-svg e-eicon-chevron-left\" viewBox=\"0 0 1000 1000\" xmlns=\"http:\/\/www.w3.org\/2000\/svg\"><path d=\"M646 125C629 125 613 133 604 142L308 442C296 454 292 471 292 487 292 504 296 521 308 533L604 854C617 867 629 875 646 875 663 875 679 871 692 858 704 846 713 829 713 812 713 796 708 779 692 767L438 487 692 225C700 217 708 204 708 187 708 171 704 154 692 142 675 129 663 125 646 125Z\"><\/path><\/svg>\t\t\t\t\t<\/div>\n\t\t\t\t\t<div class=\"elementor-swiper-button elementor-swiper-button-next\" role=\"button\" tabindex=\"0\">\n\t\t\t\t\t\t<svg aria-hidden=\"true\" class=\"e-font-icon-svg e-eicon-chevron-right\" viewBox=\"0 0 1000 1000\" xmlns=\"http:\/\/www.w3.org\/2000\/svg\"><path d=\"M696 533C708 521 713 504 713 487 713 471 708 454 696 446L400 146C388 133 375 125 354 125 338 125 325 129 313 142 300 154 292 171 292 187 292 204 296 221 308 233L563 492 304 771C292 783 288 800 288 817 288 833 296 850 308 863 321 871 338 875 354 875 371 875 388 867 400 854L696 533Z\"><\/path><\/svg>\t\t\t\t\t<\/div>\n\t\t\t\t\n\t\t\t\t\t\t\t\t\t<\/div>\n\t\t\t\t\t\t<\/div>\n\t\t\t\t<\/div>\n\t\t\t\t\t<\/div>\n\t\t\t\t<\/div>\n\t\t<div class=\"elementor-element elementor-element-85d231f e-flex e-con-boxed e-con e-parent\" data-id=\"85d231f\" data-element_type=\"container\" data-e-type=\"container\">\n\t\t\t\t\t<div class=\"e-con-inner\">\n\t\t<div class=\"elementor-element elementor-element-48efdf4 e-con-full e-flex e-con e-child\" data-id=\"48efdf4\" data-element_type=\"container\" data-e-type=\"container\">\n\t\t\t\t<div class=\"elementor-element elementor-element-3b80c80 animated-slow elementor-invisible elementor-widget elementor-widget-heading\" data-id=\"3b80c80\" data-element_type=\"widget\" data-e-type=\"widget\" data-settings=\"{&quot;_animation&quot;:&quot;fadeInRight&quot;}\" data-widget_type=\"heading.default\">\n\t\t\t\t<div class=\"elementor-widget-container\">\n\t\t\t\t\t<h5 class=\"elementor-heading-title elementor-size-default\">roc poliklinik<\/h5>\t\t\t\t<\/div>\n\t\t\t\t<\/div>\n\t\t\t\t<div class=\"elementor-element elementor-element-61d45bb elementor-widget elementor-widget-heading\" data-id=\"61d45bb\" data-element_type=\"widget\" data-e-type=\"widget\" data-widget_type=\"heading.default\">\n\t\t\t\t<div class=\"elementor-widget-container\">\n\t\t\t\t\t<h2 class=\"elementor-heading-title elementor-size-default\">Hollywood G\u00fcl\u00fcmsemesi<\/h2>\t\t\t\t<\/div>\n\t\t\t\t<\/div>\n\t\t\t\t<\/div>\n\t\t<div class=\"elementor-element elementor-element-6ce5412 e-con-full e-flex e-con e-child\" data-id=\"6ce5412\" data-element_type=\"container\" data-e-type=\"container\">\n\t\t\t\t<div class=\"elementor-element elementor-element-90b9581 elementor-align-center elementor-widget elementor-widget-button\" data-id=\"90b9581\" data-element_type=\"widget\" data-e-type=\"widget\" data-widget_type=\"button.default\">\n\t\t\t\t<div class=\"elementor-widget-container\">\n\t\t\t\t\t\t\t\t\t<div class=\"elementor-button-wrapper\">\n\t\t\t\t\t<a class=\"elementor-button elementor-button-link elementor-size-sm elementor-animation-float\" href=\"https:\/\/rocdentalturkey.com\/index.php\/bize-ulasin\/?lang=tr\">\n\t\t\t\t\t\t<span class=\"elementor-button-content-wrapper\">\n\t\t\t\t\t\t\t\t\t<span class=\"elementor-button-text\">Bize Ula\u015f\u0131n<\/span>\n\t\t\t\t\t<\/span>\n\t\t\t\t\t<\/a>\n\t\t\t\t<\/div>\n\t\t\t\t\t\t\t\t<\/div>\n\t\t\t\t<\/div>\n\t\t\t\t<\/div>\n\t\t\t\t\t<\/div>\n\t\t\t\t<\/div>\n\t\t<div class=\"elementor-element elementor-element-0a93c6b e-flex e-con-boxed e-con e-parent\" data-id=\"0a93c6b\" data-element_type=\"container\" data-e-type=\"container\">\n\t\t\t\t\t<div class=\"e-con-inner\">\n\t\t\t\t<div class=\"elementor-element elementor-element-896b085 elementor-widget-divider--view-line elementor-widget elementor-widget-divider\" data-id=\"896b085\" data-element_type=\"widget\" data-e-type=\"widget\" data-widget_type=\"divider.default\">\n\t\t\t\t<div class=\"elementor-widget-container\">\n\t\t\t\t\t\t\t<div class=\"elementor-divider\">\n\t\t\t<span class=\"elementor-divider-separator\">\n\t\t\t\t\t\t<\/span>\n\t\t<\/div>\n\t\t\t\t\t\t<\/div>\n\t\t\t\t<\/div>\n\t\t\t\t<div class=\"elementor-element elementor-element-7f4c46a elementor-widget elementor-widget-text-editor\" data-id=\"7f4c46a\" data-element_type=\"widget\" data-e-type=\"widget\" data-widget_type=\"text-editor.default\">\n\t\t\t\t<div class=\"elementor-widget-container\">\n\t\t\t\t\t\t\t\t\t<p>G\u00f6z kama\u015ft\u0131r\u0131c\u0131, kusursuz bir g\u00fcl\u00fcmseme art\u0131k sadece \u00fcnl\u00fclere \u00f6zg\u00fc de\u011fil! <strong data-start=\"133\" data-end=\"155\">ROC Clinic Antalya<\/strong>&#8216;da, <strong data-start=\"170\" data-end=\"189\">Hollywood G\u00fcl\u00fcmsemesi<\/strong> sunuyoruz. Bu, <strong data-start=\"247\" data-end=\"297\">esteti\u011finizi, \u00f6zg\u00fcveninizi ve genel g\u00f6r\u00fcn\u00fcm\u00fcn\u00fcz\u00fc<\/strong> geli\u015ftirmek i\u00e7in tasarlanm\u0131\u015f eksiksiz bir g\u00fcl\u00fcmseme d\u00f6n\u00fc\u015f\u00fcm\u00fcd\u00fcr. <strong data-start=\"309\" data-end=\"357\">En son teknoloji ve y\u00fcksek kaliteli malzemeler<\/strong> kullanarak, benzersiz y\u00fcz hatlar\u0131n\u0131za g\u00f6re uyarlanm\u0131\u015f <strong data-start=\"371\" data-end=\"414\">parlak, simetrik ve kusursuz bir g\u00fcl\u00fcmseme<\/strong> yarat\u0131yoruz.<\/p><h4 data-start=\"459\" data-end=\"496\"><strong data-start=\"464\" data-end=\"494\">Hollywood G\u00fcl\u00fcmsemesi Nedir?<\/strong><\/h4><p><strong data-start=\"501\" data-end=\"520\">Hollywood G\u00fcl\u00fcmsemesi<\/strong>, <strong data-start=\"613\" data-end=\"676\">di\u015f kaplamalar\u0131, di\u015f beyazlatma, kronlar ve di\u015f eti konturlama<\/strong> gibi \u00e7e\u015fitli prosed\u00fcrleri bir araya getirerek <strong data-start=\"690\" data-end=\"731\">m\u00fckemmel orant\u0131l\u0131, \u0131\u015f\u0131lt\u0131l\u0131 bir g\u00fcl\u00fcmseme<\/strong> elde eden <strong data-start=\"526\" data-end=\"571\">ki\u015fiselle\u015ftirilmi\u015f bir kozmetik di\u015f hekimli\u011fi tedavisidir<\/strong>. <strong data-start=\"757\" data-end=\"818\">Renk bozulmalar\u0131n\u0131, bo\u015fluklar\u0131, d\u00fczensiz di\u015fleri veya k\u00fc\u00e7\u00fck hizalama bozukluklar\u0131n\u0131<\/strong> d\u00fczeltmek istiyorsan\u0131z, bu tedavi <strong data-start=\"846\" data-end=\"888\">do\u011fal g\u00f6r\u00fcn\u00fcml\u00fc, uzun \u00f6m\u00fcrl\u00fc bir \u00e7\u00f6z\u00fcm<\/strong> sunar.<\/p><h4 data-start=\"893\" data-end=\"935\"><strong data-start=\"898\" data-end=\"933\">Hollywood G\u00fcl\u00fcmsemesinin Faydalar\u0131<\/strong><\/h4><p>\u2714 <strong data-start=\"938\" data-end=\"969\">Kusursuz, Simetrik Di\u015fler<\/strong> \u2013 M\u00fckemmel hizalanm\u0131\u015f, resim gibi m\u00fckemmel bir g\u00fcl\u00fcmsemeye kavu\u015fun.<br data-start=\"1023\" data-end=\"1026\" \/>\u2714 <strong data-start=\"1028\" data-end=\"1054\">Daha Parlak, Daha Beyaz G\u00fcl\u00fcmseme<\/strong> \u2013 Uzun \u00f6m\u00fcrl\u00fc sonu\u00e7larla lekelere ve renk bozulmalar\u0131na elveda deyin.<br data-start=\"1123\" data-end=\"1126\" \/>\u2714 <strong data-start=\"1128\" data-end=\"1160\">Y\u00fcz\u00fcn\u00fcze \u00d6zel<\/strong> \u2013 Do\u011fal g\u00fczelli\u011finizi ve y\u00fcz\u00fcn\u00fcz\u00fc geli\u015ftirmek i\u00e7in tasarlanm\u0131\u015ft\u0131r uyum.<br data-start=\"1222\" data-end=\"1225\" \/>\u2714 <strong data-start=\"1227\" data-end=\"1260\">Minimal \u0130nvaziv Prosed\u00fcrler<\/strong> \u2013 Geli\u015fmi\u015f teknikler minimum di\u015f haz\u0131rl\u0131\u011f\u0131 ve rahats\u0131zl\u0131k sa\u011flar.<br data-start=\"1331\" data-end=\"1334\" \/>\u2714 <strong data-start=\"1336\" data-end=\"1375\">Dayan\u0131kl\u0131 ve Leke Tutmayan Malzemeler<\/strong> \u2013 \u00d6n\u00fcm\u00fczdeki y\u0131llarda g\u00fczel bir g\u00fcl\u00fcmsemenin tad\u0131n\u0131 \u00e7\u0131kar\u0131n.<br data-start=\"1420\" data-end=\"1423\" \/>\u2714 <strong data-start=\"1425\" data-end=\"1453\">An\u0131nda \u00d6zg\u00fcven Art\u0131\u015f\u0131<\/strong> \u2013 Daha gen\u00e7 g\u00f6r\u00fcn\u00fcn, daha \u00e7ekici hissedin ve \u00f6zg\u00fcvenle g\u00fcl\u00fcmseyin.<\/p><h4 data-start=\"1522\" data-end=\"1563\"><strong data-start=\"1527\" data-end=\"1561\">Neden ROC Clinic Antalya&#8217;y\u0131 Se\u00e7melisiniz?<\/strong><\/h4><p><strong data-start=\"1567\" data-end=\"1589\">ROC Clinic Antalya<\/strong>&#8216;da, <strong data-start=\"1611\" data-end=\"1660\">hassasiyet, sanat ve geli\u015fmi\u015f di\u015f bak\u0131m\u0131<\/strong> konusunda kararl\u0131y\u0131z. Uluslararas\u0131 e\u011fitimli uzmanlar\u0131m\u0131z, benzersiz \u00f6zelliklerinizi tamamlayan <strong data-start=\"1770\" data-end=\"1801\">ki\u015fiye \u00f6zel Hollywood G\u00fcl\u00fcmsemesi<\/strong> olu\u015fturmak i\u00e7in <strong data-start=\"1706\" data-end=\"1758\">son teknoloji dijital g\u00fcl\u00fcmseme tasar\u0131m\u0131 ve 3D g\u00f6r\u00fcnt\u00fcleme<\/strong> kullan\u0131r.<\/p><p>En \u00f6nemlisi, <strong data-start=\"1878\" data-end=\"1920\">r\u00fcya gibi bir g\u00fcl\u00fcmsemenin bir servete mal olmamas\u0131 gerekti\u011fine<\/strong> inan\u0131yoruz. Bir\u00e7ok poliklinik birinci s\u0131n\u0131f kozmetik di\u015f hekimli\u011fi i\u00e7in a\u015f\u0131r\u0131 \u00fccret al\u0131rken, biz <strong data-start=\"2001\" data-end=\"2055\">uygun bir fiyata d\u00fcnya standartlar\u0131nda g\u00fcl\u00fcmseme makyajlar\u0131<\/strong> sunuyoruz ve b\u00f6ylece herkes i\u00e7in birinci s\u0131n\u0131f di\u015f bak\u0131m\u0131na eri\u015febiliyoruz.<\/p><h4 data-start=\"2112\" data-end=\"2152\"><strong data-start=\"2117\" data-end=\"2150\">Hayallerinizdeki G\u00fcl\u00fcmsemeye Kavu\u015fun!<\/strong><\/h4><p>G\u00fcl\u00fcmsemenizi <strong data-start=\"2216\" data-end=\"2252\">\u00f6zg\u00fcven, g\u00fczellik ve zarafet<\/strong> sa\u00e7an bir g\u00fcl\u00fcmsemeye d\u00f6n\u00fc\u015ft\u00fcrmeye haz\u0131rsan\u0131z, <strong data-start=\"2258\" data-end=\"2299\">ROC Clinic Antalya&#8217;daki Hollywood G\u00fcl\u00fcmsemesi<\/strong> sizin i\u00e7in m\u00fckemmel bir \u00e7\u00f6z\u00fcmd\u00fcr. <strong data-start=\"2326\" data-end=\"2407\" data-is-last-node=\"\">Bug\u00fcn dan\u0131\u015fmanl\u0131\u011f\u0131n\u0131z\u0131 ay\u0131rt\u0131n ve hayallerinizdeki g\u00fcl\u00fcmsemeye do\u011fru ilk ad\u0131m\u0131 at\u0131n!<\/strong><\/p><p><strong>G\u00fcl\u00fc\u015f makyaj\u0131na kim ihtiya\u00e7 duyar?<\/strong><\/p><p>G\u00fcl\u00fc\u015f\u00fcnden rahats\u0131z olan ve daha estetik ve i\u015flevsel bir g\u00fcl\u00fcmseme isteyen herkes g\u00fcl\u00fc\u015f makyaj\u0131n\u0131 d\u00fc\u015f\u00fcnebilir.<\/p><p><strong>Hollywood g\u00fcl\u00fcmsemesi sa\u011fl\u0131kl\u0131 m\u0131d\u0131r?<\/strong><\/p><p>Hollywood g\u00fcl\u00fcmsemesi tedavileri, di\u015f \u00e7\u00fcr\u00fc\u011f\u00fc, hizalama bozuklu\u011fu ve bo\u015fluklar gibi altta yatan di\u015f sorunlar\u0131n\u0131 ele alarak a\u011f\u0131z sa\u011fl\u0131\u011f\u0131n\u0131 \u00f6nemli \u00f6l\u00e7\u00fcde iyile\u015ftirebilir.<\/p><p><strong>Hollywood g\u00fcl\u00fcmsemesinden \u00f6nce di\u015f teli takman\u0131z gerekir mi?<\/strong><\/p><p>Mutlaka de\u011fil. Di\u015f teli takma ihtiyac\u0131 ki\u015finin<\/p><p><strong>Hollywood g\u00fcl\u00fcmsemesi k\u00f6t\u00fc nefese neden olur mu?<\/strong><\/p><p>Hay\u0131r. Hollywood g\u00fcl\u00fcmsemesi k\u00f6t\u00fc nefese neden olmaz. Koku genellikle sigara ve alkol t\u00fcketiminden kaynaklan\u0131r. Ayr\u0131ca \u00e7e\u015fitli hastal\u0131klar\u0131n belirtisi olabilir.<\/p>\t\t\t\t\t\t\t\t<\/div>\n\t\t\t\t<\/div>\n\t\t\t\t\t<\/div>\n\t\t\t\t<\/div>\n\t\t\t\t<\/div>\n\t\t","protected":false},"excerpt":{"rendered":"<p>Hollywood G\u00fcl\u00fcmsemesi roc poliklinik Hollywood G\u00fcl\u00fcmsemesi Bize Ula\u015f\u0131n G\u00f6z kama\u015ft\u0131r\u0131c\u0131, kusursuz bir g\u00fcl\u00fcmseme art\u0131k sadece \u00fcnl\u00fclere \u00f6zg\u00fc de\u011fil! ROC Clinic Antalya&#8216;da, Hollywood G\u00fcl\u00fcmsemesi sunuyoruz. Bu, esteti\u011finizi, \u00f6zg\u00fcveninizi ve genel g\u00f6r\u00fcn\u00fcm\u00fcn\u00fcz\u00fc geli\u015ftirmek i\u00e7in tasarlanm\u0131\u015f eksiksiz bir g\u00fcl\u00fcmseme d\u00f6n\u00fc\u015f\u00fcm\u00fcd\u00fcr. En son teknoloji ve y\u00fcksek kaliteli malzemeler kullanarak, benzersiz y\u00fcz hatlar\u0131n\u0131za g\u00f6re uyarlanm\u0131\u015f parlak, simetrik ve kusursuz bir [&hellip;]<\/p>\n","protected":false},"author":1,"featured_media":0,"parent":0,"menu_order":0,"comment_status":"closed","ping_status":"closed","template":"elementor_header_footer","meta":{"footnotes":""},"class_list":["post-1740","page","type-page","status-publish","hentry"],"_links":{"self":[{"href":"https:\/\/rocdentalturkey.com\/index.php\/wp-json\/wp\/v2\/pages\/1740","targetHints":{"allow":["GET"]}}],"collection":[{"href":"https:\/\/rocdentalturkey.com\/index.php\/wp-json\/wp\/v2\/pages"}],"about":[{"href":"https:\/\/rocdentalturkey.com\/index.php\/wp-json\/wp\/v2\/types\/page"}],"author":[{"embeddable":true,"href":"https:\/\/rocdentalturkey.com\/index.php\/wp-json\/wp\/v2\/users\/1"}],"replies":[{"embeddable":true,"href":"https:\/\/rocdentalturkey.com\/index.php\/wp-json\/wp\/v2\/comments?post=1740"}],"version-history":[{"count":4,"href":"https:\/\/rocdentalturkey.com\/index.php\/wp-json\/wp\/v2\/pages\/1740\/revisions"}],"predecessor-version":[{"id":2191,"href":"https:\/\/rocdentalturkey.com\/index.php\/wp-json\/wp\/v2\/pages\/1740\/revisions\/2191"}],"wp:attachment":[{"href":"https:\/\/rocdentalturkey.com\/index.php\/wp-json\/wp\/v2\/media?parent=1740"}],"curies":[{"name":"wp","href":"https:\/\/api.w.org\/{rel}","templated":true}]}}